{"version":"1.0","provider_name":"CHACODIAPORDIA.COM","provider_url":"https:\/\/chacodiapordia.com\/en","title":"Taller de alfarer\u00eda qom en el Marechal - CHACODIAPORDIA.COM","type":"rich","width":600,"height":338,"html":"<blockquote class=\"wp-embedded-content\" data-secret=\"EUMhJVAZR6\"><a href=\"https:\/\/chacodiapordia.com\/en\/taller-de-alfareria-qom-en-el-marechal\/\">Taller de alfarer\u00eda qom en el Marechal<\/a><\/blockquote><iframe sandbox=\"allow-scripts\" security=\"restricted\" src=\"https:\/\/chacodiapordia.com\/en\/taller-de-alfareria-qom-en-el-marechal\/embed\/#?secret=EUMhJVAZR6\" width=\"600\" height=\"338\" title=\"&#8220;Taller de alfarer\u00eda qom en el Marechal&#8221; &#8212; CHACODIAPORDIA.COM\" data-secret=\"EUMhJVAZR6\" frameborder=\"0\" marginwidth=\"0\" marginheight=\"0\" scrolling=\"no\" class=\"wp-embedded-content\"><\/iframe><script type=\"text\/javascript\">\n\/* <![CDATA[ *\/\n\/*! This file is auto-generated *\/\n!function(d,l){\"use strict\";l.querySelector&&d.addEventListener&&\"undefined\"!=typeof URL&&(d.wp=d.wp||{},d.wp.receiveEmbedMessage||(d.wp.receiveEmbedMessage=function(e){var t=e.data;if((t||t.secret||t.message||t.value)&&!\/[^a-zA-Z0-9]\/.test(t.secret)){for(var s,r,n,a=l.querySelectorAll('iframe[data-secret=\"'+t.secret+'\"]'),o=l.querySelectorAll('blockquote[data-secret=\"'+t.secret+'\"]'),c=new RegExp(\"^https?:$\",\"i\"),i=0;i<o.length;i++)o[i].style.display=\"none\";for(i=0;i<a.length;i++)s=a[i],e.source===s.contentWindow&&(s.removeAttribute(\"style\"),\"height\"===t.message?(1e3<(r=parseInt(t.value,10))?r=1e3:~~r<200&&(r=200),s.height=r):\"link\"===t.message&&(r=new URL(s.getAttribute(\"src\")),n=new URL(t.value),c.test(n.protocol))&&n.host===r.host&&l.activeElement===s&&(d.top.location.href=t.value))}},d.addEventListener(\"message\",d.wp.receiveEmbedMessage,!1),l.addEventListener(\"DOMContentLoaded\",function(){for(var e,t,s=l.querySelectorAll(\"iframe.wp-embedded-content\"),r=0;r<s.length;r++)(t=(e=s[r]).getAttribute(\"data-secret\"))||(t=Math.random().toString(36).substring(2,12),e.src+=\"#?secret=\"+t,e.setAttribute(\"data-secret\",t)),e.contentWindow.postMessage({message:\"ready\",secret:t},\"*\")},!1)))}(window,document);\n\/\/# sourceURL=https:\/\/chacodiapordia.com\/wp-includes\/js\/wp-embed.min.js\n\/* ]]> *\/\n<\/script>","thumbnail_url":"https:\/\/chacodiapordia.com\/wp-content\/uploads\/2024\/10\/MARECHAL-Alfareria-Qom.jpg","thumbnail_width":800,"thumbnail_height":555,"description":"El lunes 14 de octubre, de 16 a 18, dar\u00e1 inicio el \u201cTaller de alfarer\u00eda qom\u201d en el Centro Cultural Leopoldo Marechal (Pellegrini 272), dependiente del Instituto de Cultura del Chaco. El taller se realizar\u00e1 todos los lunes y mi\u00e9rcoles en dicho horario. Desde la organizaci\u00f3n invitan a \u201ccompartir los \u00faltimos meses del a\u00f1o poniendo las manos en el barro\u201d. Informes e inscripci\u00f3n por mensaje privado al Instagram: https:\/\/www.instagram.com\/cc.leopoldo\/ Sobre el Marechal El 11 de octubre de 1979, por Decreto N\u00b0 1401, con el objetivo de posibilitar la igualdad de oportunidades en el acceso a la cultura y el afianzamiento de la nacionalidad y de sus tradiciones, se cre\u00f3 el Centro Cultural de Chaco. Desde entonces, reuni\u00f3 entidades que agrupaban escritores, artistas y estudiosos para promover acciones conjuntas facilitando la creaci\u00f3n y difusi\u00f3n de sus actividades. El 27 de agosto de 1986, se impuso al centro cultural el nombre de Leopoldo Marechal como homenaje a este gran escritor argentino que reafirm\u00f3 a trav\u00e9s de sus obras un leg\u00edtimo pensamiento contempor\u00e1neo nacional. Tel\u00e9fonos: 4422649 \/ 3624355236."}

Taller de alfarería qom en el Marechal - CHACODIAPORDIA.COM

<blockquote class="wp-embedded-content" data-secret="EUMhJVAZR6"><a href="https://chacodiapordia.com/en/taller-de-alfareria-qom-en-el-marechal/">Taller de alfarería qom en el Marechal</a></blockquote><iframe sandbox="allow-scripts" security="restricted" src="https://chacodiapordia.com/en/taller-de-alfareria-qom-en-el-marechal/embed/#?secret=EUMhJVAZR6" width="600" height="338" title="&#8220;Taller de alfarería qom en el Marechal&#8221; &#8212; CHACODIAPORDIA.COM" data-secret="EUMhJVAZR6" frameborder="0" marginwidth="0" marginheight="0" scrolling="no" class="wp-embedded-content"></iframe><script type="text/javascript">
/* <![CDATA[ */
/*! This file is auto-generated */
!function(d,l){"use strict";l.querySelector&&d.addEventListener&&"undefined"!=typeof URL&&(d.wp=d.wp||{},d.wp.receiveEmbedMessage||(d.wp.receiveEmbedMessage=function(e){var t=e.data;if((t||t.secret||t.message||t.value)&&!/[^a-zA-Z0-9]/.test(t.secret)){for(var s,r,n,a=l.querySelectorAll('iframe[data-secret="'+t.secret+'"]'),o=l.querySelectorAll('blockquote[data-secret="'+t.secret+'"]'),c=new RegExp("^https?:$","i"),i=0;i<o.length;i++)o[i].style.display="none";for(i=0;i<a.length;i++)s=a[i],e.source===s.contentWindow&&(s.removeAttribute("style"),"height"===t.message?(1e3<(r=parseInt(t.value,10))?r=1e3:~~r<200&&(r=200),s.height=r):"link"===t.message&&(r=new URL(s.getAttribute("src")),n=new URL(t.value),c.test(n.protocol))&&n.host===r.host&&l.activeElement===s&&(d.top.location.href=t.value))}},d.addEventListener("message",d.wp.receiveEmbedMessage,!1),l.addEventListener("DOMContentLoaded",function(){for(var e,t,s=l.querySelectorAll("iframe.wp-embedded-content"),r=0;r<s.length;r++)(t=(e=s[r]).getAttribute("data-secret"))||(t=Math.random().toString(36).substring(2,12),e.src+="#?secret="+t,e.setAttribute("data-secret",t)),e.contentWindow.postMessage({message:"ready",secret:t},"*")},!1)))}(window,document);
//# sourceURL=https://chacodiapordia.com/wp-includes/js/wp-embed.min.js
/* ]]> */
</script>

El lunes 14 de octubre, de 16 a 18, dará inicio el “Taller de alfarería qom” en el Centro Cultural Leopoldo Marechal (Pellegrini 272), dependiente del Instituto de Cultura del Chaco. El taller se realizará todos los lunes y miércoles en dicho horario. Desde la organización invitan a “compartir los últimos meses del año poniendo las manos en el barro”. Informes e inscripción por mensaje privado al Instagram: https://www.instagram.com/cc.leopoldo/ Sobre el Marechal El 11 de octubre de 1979, por Decreto N° 1401, con el objetivo de posibilitar la igualdad de oportunidades en el acceso a la cultura y el afianzamiento de la nacionalidad y de sus tradiciones, se creó el Centro Cultural de Chaco. Desde entonces, reunió entidades que agrupaban escritores, artistas y estudiosos para promover acciones conjuntas facilitando la creación y difusión de sus actividades. El 27 de agosto de 1986, se impuso al centro cultural el nombre de Leopoldo Marechal como homenaje a este gran escritor argentino que reafirmó a través de sus obras un legítimo pensamiento contemporáneo nacional. Teléfonos: 4422649 / 3624355236.
