{"version":"1.0","provider_name":"CHACODIAPORDIA.COM","provider_url":"https:\/\/chacodiapordia.com\/en","title":"Lanzaron la Feria Internacional de Arte A.362 - CHACODIAPORDIA.COM","type":"rich","width":600,"height":338,"html":"<blockquote class=\"wp-embedded-content\" data-secret=\"b3fBYputaq\"><a href=\"https:\/\/chacodiapordia.com\/en\/lanzaron-la-feria-internacional-de-arte-a-362\/\">Lanzaron la Feria Internacional de Arte A.362<\/a><\/blockquote><iframe sandbox=\"allow-scripts\" security=\"restricted\" src=\"https:\/\/chacodiapordia.com\/en\/lanzaron-la-feria-internacional-de-arte-a-362\/embed\/#?secret=b3fBYputaq\" width=\"600\" height=\"338\" title=\"&#8220;Lanzaron la Feria Internacional de Arte A.362&#8221; &#8212; CHACODIAPORDIA.COM\" data-secret=\"b3fBYputaq\" frameborder=\"0\" marginwidth=\"0\" marginheight=\"0\" scrolling=\"no\" class=\"wp-embedded-content\"><\/iframe><script type=\"text\/javascript\">\n\/* <![CDATA[ *\/\n\/*! This file is auto-generated *\/\n!function(d,l){\"use strict\";l.querySelector&&d.addEventListener&&\"undefined\"!=typeof URL&&(d.wp=d.wp||{},d.wp.receiveEmbedMessage||(d.wp.receiveEmbedMessage=function(e){var t=e.data;if((t||t.secret||t.message||t.value)&&!\/[^a-zA-Z0-9]\/.test(t.secret)){for(var s,r,n,a=l.querySelectorAll('iframe[data-secret=\"'+t.secret+'\"]'),o=l.querySelectorAll('blockquote[data-secret=\"'+t.secret+'\"]'),c=new RegExp(\"^https?:$\",\"i\"),i=0;i<o.length;i++)o[i].style.display=\"none\";for(i=0;i<a.length;i++)s=a[i],e.source===s.contentWindow&&(s.removeAttribute(\"style\"),\"height\"===t.message?(1e3<(r=parseInt(t.value,10))?r=1e3:~~r<200&&(r=200),s.height=r):\"link\"===t.message&&(r=new URL(s.getAttribute(\"src\")),n=new URL(t.value),c.test(n.protocol))&&n.host===r.host&&l.activeElement===s&&(d.top.location.href=t.value))}},d.addEventListener(\"message\",d.wp.receiveEmbedMessage,!1),l.addEventListener(\"DOMContentLoaded\",function(){for(var e,t,s=l.querySelectorAll(\"iframe.wp-embedded-content\"),r=0;r<s.length;r++)(t=(e=s[r]).getAttribute(\"data-secret\"))||(t=Math.random().toString(36).substring(2,12),e.src+=\"#?secret=\"+t,e.setAttribute(\"data-secret\",t)),e.contentWindow.postMessage({message:\"ready\",secret:t},\"*\")},!1)))}(window,document);\n\/\/# sourceURL=https:\/\/chacodiapordia.com\/wp-includes\/js\/wp-embed.min.js\n\/* ]]> *\/\n<\/script>","thumbnail_url":"https:\/\/chacodiapordia.com\/wp-content\/uploads\/2024\/07\/Lanzamiento-Feria-Internacional-de-Arte-A-2.jpg","thumbnail_width":800,"thumbnail_height":576,"description":"Marilyn Crist\u00f3fani, al frente de la Presidencia del Club Social, dio la bienvenida y destac\u00f3 el trabajo en articulaci\u00f3n \u201ccon Mario Zorrilla, presidente del Instituto de Cultura del Chaco (ICCH) y amigo de much\u00edsimos a\u00f1os de lucha; Daniela Valdez, vicepresidente del mismo organismo y funcionaria adem\u00e1s de la Facultad de Artes; y el flamante Decano de la Facultad de Artes, Gabriel Romero\u201d. \u201cSe est\u00e1 constituyendo una alianza estrat\u00e9gica muy importante pensando en el turismo cultural de la Regi\u00f3n y su impacto econ\u00f3mico social, cultural y econ\u00f3mico\u201d, concluy\u00f3 Crist\u00f3fani. Por su parte, Mario Zorrilla expres\u00f3: \u201cPara nosotros es un gusto ser parte de la organizaci\u00f3n. Creo que hay que pensar esta feria, primero, como un ejemplo de articulaci\u00f3n y, segundo, como un espacio emergente que est\u00e1 buscando su identidad dentro de la regi\u00f3n, pero que sin lugar a dudas ya la tiene. Esta nueva edici\u00f3n de la Feria es una oportunidad para que los colectivos de artistas puedan mostrar sus obras en este edificio, que a su vez es un s\u00edmbolo de Resistencia y es patrimonio de todos los vecinos. Cuando Marilyn nos invit\u00f3 dijimos s\u00ed con un s\u00ed may\u00fasculo, y por ello vamos a poner el mayor de los esfuerzos como gobierno provincial para que este espacio pueda brillar m\u00e1s que nunca y pueda lograr un lugar preponderante dentro de las actividades culturales de la provincia\u201d. \u201cNo s\u00f3lo vamos a colaborar desde los recursos y la log\u00edstica, vamos tambi\u00e9n a poner todo el coraz\u00f3n y la garra a este evento tan importante\u201d, finaliz\u00f3 el presidente del ICCH. La Feria es un espacio pensado para concentrar el movimiento art\u00edstico con exhibiciones, conversatorios, performance y oportunidades de comercializaci\u00f3n. A362 se constituye como un espacio de exhibici\u00f3n y divulgaci\u00f3n de las diversas pr\u00e1cticas visuales y para estimular lazos entre el p\u00fablico estudiantes, artistas, curadores, gestores, galer\u00edas y coleccionistas. \u201cBuscamos mejorar el \u2018aqu\u00ed y ahora\u2019, no s\u00f3lo de los artistas y su sistema sino de la sociedad en su conjunto. Trabajamos por una sociedad creativa convocando a la innovaci\u00f3n desde lo actitudinal hasta las representaciones tecnol\u00f3gicas\u201d, se\u00f1alaron desde la organizaci\u00f3n. Este evento visibiliza el valor espiritual, social, cultural y econ\u00f3mico del arte del Norte Grande en sus diversas expresiones para promover el mercado art\u00edstico fortaleciendo pr\u00e1cticas comerciales, exposiciones y su divulgaci\u00f3n, creciendo como punto estrat\u00e9gico de la industria y turismo culturales. La movida contempla adem\u00e1s espacios de objetos de dise\u00f1o, artesan\u00edas, gastronom\u00eda local y rincones l\u00fadicos para infancias y adultos mayores. M\u00e1s sobre A.362 \u201cIncentivamos el coleccionismo brindando un espacio, acorde con las exigencias que las pr\u00e1cticas art\u00edsticas contempor\u00e1neas fomentan: stands dise\u00f1ados para exhibir obra respetando los est\u00e1ndares e iluminaci\u00f3n expositivos, adem\u00e1s de actividades complementarias y la oportunidad de amplios recorridos.\u201d \u201cCreemos que la profesi\u00f3n de artista es un modo de ser y que puede inspirar otras profesiones. El artista comprometido con su don no es un ser privilegiado, sino alguien que integra en su obra mente, cuerpo y esp\u00edritu y desde esa realidad, la experiencia del arte puede llevarnos a otras profundidades como colectivo social.\u201d \u201cAtender los procesos de comercializaci\u00f3n de arte y cultivar la conciencia social nos lleva a descubrir un camino asombroso que es invertir en arte y que esa inversi\u00f3n es inversi\u00f3n en fecundidad econ\u00f3mica, espiritual, cultural y social.\u201d"}

Marilyn Cristófani, al frente de la Presidencia del Club Social, dio la bienvenida y destacó el trabajo en articulación “con Mario Zorrilla, presidente del Instituto de Cultura del Chaco (ICCH) y amigo de muchísimos años de lucha; Daniela Valdez, vicepresidente del mismo organismo y funcionaria además de la Facultad de Artes; y el flamante Decano de la Facultad de Artes, Gabriel Romero”. “Se está constituyendo una alianza estratégica muy importante pensando en el turismo cultural de la Región y su impacto económico social, cultural y económico”, concluyó Cristófani. Por su parte, Mario Zorrilla expresó: “Para nosotros es un gusto ser parte de la organización. Creo que hay que pensar esta feria, primero, como un ejemplo de articulación y, segundo, como un espacio emergente que está buscando su identidad dentro de la región, pero que sin lugar a dudas ya la tiene. Esta nueva edición de la Feria es una oportunidad para que los colectivos de artistas puedan mostrar sus obras en este edificio, que a su vez es un símbolo de Resistencia y es patrimonio de todos los vecinos. Cuando Marilyn nos invitó dijimos sí con un sí mayúsculo, y por ello vamos a poner el mayor de los esfuerzos como gobierno provincial para que este espacio pueda brillar más que nunca y pueda lograr un lugar preponderante dentro de las actividades culturales de la provincia”. “No sólo vamos a colaborar desde los recursos y la logística, vamos también a poner todo el corazón y la garra a este evento tan importante”, finalizó el presidente del ICCH. La Feria es un espacio pensado para concentrar el movimiento artístico con exhibiciones, conversatorios, performance y oportunidades de comercialización. A362 se constituye como un espacio de exhibición y divulgación de las diversas prácticas visuales y para estimular lazos entre el público estudiantes, artistas, curadores, gestores, galerías y coleccionistas. “Buscamos mejorar el ‘aquí y ahora’, no sólo de los artistas y su sistema sino de la sociedad en su conjunto. Trabajamos por una sociedad creativa convocando a la innovación desde lo actitudinal hasta las representaciones tecnológicas”, señalaron desde la organización. Este evento visibiliza el valor espiritual, social, cultural y económico del arte del Norte Grande en sus diversas expresiones para promover el mercado artístico fortaleciendo prácticas comerciales, exposiciones y su divulgación, creciendo como punto estratégico de la industria y turismo culturales. La movida contempla además espacios de objetos de diseño, artesanías, gastronomía local y rincones lúdicos para infancias y adultos mayores. Más sobre A.362 “Incentivamos el coleccionismo brindando un espacio, acorde con las exigencias que las prácticas artísticas contemporáneas fomentan: stands diseñados para exhibir obra respetando los estándares e iluminación expositivos, además de actividades complementarias y la oportunidad de amplios recorridos.” “Creemos que la profesión de artista es un modo de ser y que puede inspirar otras profesiones. El artista comprometido con su don no es un ser privilegiado, sino alguien que integra en su obra mente, cuerpo y espíritu y desde esa realidad, la experiencia del arte puede llevarnos a otras profundidades como colectivo social.” “Atender los procesos de comercialización de arte y cultivar la conciencia social nos lleva a descubrir un camino asombroso que es invertir en arte y que esa inversión es inversión en fecundidad económica, espiritual, cultural y social.”
