{"version":"1.0","provider_name":"CHACODIAPORDIA.COM","provider_url":"https:\/\/chacodiapordia.com\/en","title":"Lanzaron la 6ta subasta de veh\u00edculos oficiales - CHACODIAPORDIA.COM","type":"rich","width":600,"height":338,"html":"<blockquote class=\"wp-embedded-content\" data-secret=\"7QQBPLnJbd\"><a href=\"https:\/\/chacodiapordia.com\/en\/lanzaron-la-6ta-subasta-de-vehiculos-oficiales\/\">Lanzaron la 6ta subasta de veh\u00edculos oficiales<\/a><\/blockquote><iframe sandbox=\"allow-scripts\" security=\"restricted\" src=\"https:\/\/chacodiapordia.com\/en\/lanzaron-la-6ta-subasta-de-vehiculos-oficiales\/embed\/#?secret=7QQBPLnJbd\" width=\"600\" height=\"338\" title=\"&#8220;Lanzaron la 6ta subasta de veh\u00edculos oficiales&#8221; &#8212; CHACODIAPORDIA.COM\" data-secret=\"7QQBPLnJbd\" frameborder=\"0\" marginwidth=\"0\" marginheight=\"0\" scrolling=\"no\" class=\"wp-embedded-content\"><\/iframe><script type=\"text\/javascript\">\n\/* <![CDATA[ *\/\n\/*! This file is auto-generated *\/\n!function(d,l){\"use strict\";l.querySelector&&d.addEventListener&&\"undefined\"!=typeof URL&&(d.wp=d.wp||{},d.wp.receiveEmbedMessage||(d.wp.receiveEmbedMessage=function(e){var t=e.data;if((t||t.secret||t.message||t.value)&&!\/[^a-zA-Z0-9]\/.test(t.secret)){for(var s,r,n,a=l.querySelectorAll('iframe[data-secret=\"'+t.secret+'\"]'),o=l.querySelectorAll('blockquote[data-secret=\"'+t.secret+'\"]'),c=new RegExp(\"^https?:$\",\"i\"),i=0;i<o.length;i++)o[i].style.display=\"none\";for(i=0;i<a.length;i++)s=a[i],e.source===s.contentWindow&&(s.removeAttribute(\"style\"),\"height\"===t.message?(1e3<(r=parseInt(t.value,10))?r=1e3:~~r<200&&(r=200),s.height=r):\"link\"===t.message&&(r=new URL(s.getAttribute(\"src\")),n=new URL(t.value),c.test(n.protocol))&&n.host===r.host&&l.activeElement===s&&(d.top.location.href=t.value))}},d.addEventListener(\"message\",d.wp.receiveEmbedMessage,!1),l.addEventListener(\"DOMContentLoaded\",function(){for(var e,t,s=l.querySelectorAll(\"iframe.wp-embedded-content\"),r=0;r<s.length;r++)(t=(e=s[r]).getAttribute(\"data-secret\"))||(t=Math.random().toString(36).substring(2,12),e.src+=\"#?secret=\"+t,e.setAttribute(\"data-secret\",t)),e.contentWindow.postMessage({message:\"ready\",secret:t},\"*\")},!1)))}(window,document);\n\/\/# sourceURL=https:\/\/chacodiapordia.com\/wp-includes\/js\/wp-embed.min.js\n\/* ]]> *\/\n<\/script>","thumbnail_url":"https:\/\/cdn4.chacodiapordia.com\/wp-content\/uploads\/2026\/03\/subasta-meirino.jpg","thumbnail_width":800,"thumbnail_height":528,"description":"Este lunes, la secretaria General de la Gobernaci\u00f3n, Carolina Meiri\u00f1o, anunci\u00f3 oficialmente la sexta subasta de bienes en desuso del Estado provincial. En esta edici\u00f3n, saldr\u00e1n a la venta 36 veh\u00edculos pertenecientes a diversos ministerios e instituciones, con bases que resultan atractivas para el p\u00fablico general. La subasta se realizar\u00e1 el lunes 30 de marzo en el CEF 1, ubicado en avenida Lavalle al 700, con veh\u00edculos cuyos modelos parten desde el a\u00f1o 2010. Para aquellos interesados en evaluar el estado de los rodados, se dispusieron tres jornadas de exhibici\u00f3n previa en el predio Galp\u00f3n \u201cLa M\u00edstica&#8221;:-Jueves 26 y viernes 27 de marzo: de 9:00 a 12:00 horas.-S\u00e1bado 28 de marzo: de 9:00 a 17:00 horas (horario corrido). Durante la conferencia de prensa, Meiri\u00f1o destac\u00f3 que los fondos recaudados en subastas anteriores han vuelto en servicios y en obras a los chaque\u00f1os. \u201cLa plata de los chaque\u00f1os vuelve a los chaque\u00f1os, transformamos bienes abandonados en recursos \u00fatiles: gracias a esto se adquirieron ambulancias, un nuevo Centro de Salud para Villa R\u00edo Negro; unidades para el programa \u00d1achec, avanzamos en el Centro Odontol\u00f3gico Santa Apolonia y compramos m\u00e1s de 2.000 ventiladores industriales para nuestras escuelas&#8221;, se\u00f1al\u00f3 la funcionaria. &#8220;Queremos que la ciudadan\u00eda participe. Buscamos que estos procesos permitan, por ejemplo, que una familia acceda a su primer veh\u00edculo con bases que inician entre los 500.000 y 600.000 pesos&#8221;, afirm\u00f3 Meiri\u00f1o. Requisitos para participarLa convocatoria est\u00e1 abierta al p\u00fablico. Los interesados deber\u00e1n presentarse el d\u00eda de la subasta con su DNI para acreditarse:-Acreditaci\u00f3n: Lunes 30 de marzo, desde las 8:00 horas en el CEF.-Inicio del remate: 9:30 horas.Los veh\u00edculos a subastar comprenden modelos que van desde el a\u00f1o 2010 hasta el 2023, lo que garantiza una oferta variada tanto en antig\u00fcedad como en tipolog\u00eda de unidades."}

Lanzaron la 6ta subasta de vehículos oficiales - CHACODIAPORDIA.COM

<blockquote class="wp-embedded-content" data-secret="7QQBPLnJbd"><a href="https://chacodiapordia.com/en/lanzaron-la-6ta-subasta-de-vehiculos-oficiales/">Lanzaron la 6ta subasta de vehículos oficiales</a></blockquote><iframe sandbox="allow-scripts" security="restricted" src="https://chacodiapordia.com/en/lanzaron-la-6ta-subasta-de-vehiculos-oficiales/embed/#?secret=7QQBPLnJbd" width="600" height="338" title="&#8220;Lanzaron la 6ta subasta de vehículos oficiales&#8221; &#8212; CHACODIAPORDIA.COM" data-secret="7QQBPLnJbd" frameborder="0" marginwidth="0" marginheight="0" scrolling="no" class="wp-embedded-content"></iframe><script type="text/javascript">
/* <![CDATA[ */
/*! This file is auto-generated */
!function(d,l){"use strict";l.querySelector&&d.addEventListener&&"undefined"!=typeof URL&&(d.wp=d.wp||{},d.wp.receiveEmbedMessage||(d.wp.receiveEmbedMessage=function(e){var t=e.data;if((t||t.secret||t.message||t.value)&&!/[^a-zA-Z0-9]/.test(t.secret)){for(var s,r,n,a=l.querySelectorAll('iframe[data-secret="'+t.secret+'"]'),o=l.querySelectorAll('blockquote[data-secret="'+t.secret+'"]'),c=new RegExp("^https?:$","i"),i=0;i<o.length;i++)o[i].style.display="none";for(i=0;i<a.length;i++)s=a[i],e.source===s.contentWindow&&(s.removeAttribute("style"),"height"===t.message?(1e3<(r=parseInt(t.value,10))?r=1e3:~~r<200&&(r=200),s.height=r):"link"===t.message&&(r=new URL(s.getAttribute("src")),n=new URL(t.value),c.test(n.protocol))&&n.host===r.host&&l.activeElement===s&&(d.top.location.href=t.value))}},d.addEventListener("message",d.wp.receiveEmbedMessage,!1),l.addEventListener("DOMContentLoaded",function(){for(var e,t,s=l.querySelectorAll("iframe.wp-embedded-content"),r=0;r<s.length;r++)(t=(e=s[r]).getAttribute("data-secret"))||(t=Math.random().toString(36).substring(2,12),e.src+="#?secret="+t,e.setAttribute("data-secret",t)),e.contentWindow.postMessage({message:"ready",secret:t},"*")},!1)))}(window,document);
//# sourceURL=https://chacodiapordia.com/wp-includes/js/wp-embed.min.js
/* ]]> */
</script>

Este lunes, la secretaria General de la Gobernación, Carolina Meiriño, anunció oficialmente la sexta subasta de bienes en desuso del Estado provincial. En esta edición, saldrán a la venta 36 vehículos pertenecientes a diversos ministerios e instituciones, con bases que resultan atractivas para el público general. La subasta se realizará el lunes 30 de marzo en el CEF 1, ubicado en avenida Lavalle al 700, con vehículos cuyos modelos parten desde el año 2010. Para aquellos interesados en evaluar el estado de los rodados, se dispusieron tres jornadas de exhibición previa en el predio Galpón “La Mística&#8221;:-Jueves 26 y viernes 27 de marzo: de 9:00 a 12:00 horas.-Sábado 28 de marzo: de 9:00 a 17:00 horas (horario corrido). Durante la conferencia de prensa, Meiriño destacó que los fondos recaudados en subastas anteriores han vuelto en servicios y en obras a los chaqueños. “La plata de los chaqueños vuelve a los chaqueños, transformamos bienes abandonados en recursos útiles: gracias a esto se adquirieron ambulancias, un nuevo Centro de Salud para Villa Río Negro; unidades para el programa Ñachec, avanzamos en el Centro Odontológico Santa Apolonia y compramos más de 2.000 ventiladores industriales para nuestras escuelas&#8221;, señaló la funcionaria. &#8220;Queremos que la ciudadanía participe. Buscamos que estos procesos permitan, por ejemplo, que una familia acceda a su primer vehículo con bases que inician entre los 500.000 y 600.000 pesos&#8221;, afirmó Meiriño. Requisitos para participarLa convocatoria está abierta al público. Los interesados deberán presentarse el día de la subasta con su DNI para acreditarse:-Acreditación: Lunes 30 de marzo, desde las 8:00 horas en el CEF.-Inicio del remate: 9:30 horas.Los vehículos a subastar comprenden modelos que van desde el año 2010 hasta el 2023, lo que garantiza una oferta variada tanto en antigüedad como en tipología de unidades.
