{"version":"1.0","provider_name":"CHACODIAPORDIA.COM","provider_url":"https:\/\/chacodiapordia.com\/en","title":"La producci\u00f3n automotriz cay\u00f3 5% interanual en septiembre - CHACODIAPORDIA.COM","type":"rich","width":600,"height":338,"html":"<blockquote class=\"wp-embedded-content\" data-secret=\"VgHosuG1jp\"><a href=\"https:\/\/chacodiapordia.com\/en\/la-produccion-automotriz-cayo-5-interanual-en-septiembre\/\">La producci\u00f3n automotriz cay\u00f3 5% interanual en septiembre<\/a><\/blockquote><iframe sandbox=\"allow-scripts\" security=\"restricted\" src=\"https:\/\/chacodiapordia.com\/en\/la-produccion-automotriz-cayo-5-interanual-en-septiembre\/embed\/#?secret=VgHosuG1jp\" width=\"600\" height=\"338\" title=\"&#8220;La producci\u00f3n automotriz cay\u00f3 5% interanual en septiembre&#8221; &#8212; CHACODIAPORDIA.COM\" data-secret=\"VgHosuG1jp\" frameborder=\"0\" marginwidth=\"0\" marginheight=\"0\" scrolling=\"no\" class=\"wp-embedded-content\"><\/iframe><script type=\"text\/javascript\">\n\/* <![CDATA[ *\/\n\/*! This file is auto-generated *\/\n!function(d,l){\"use strict\";l.querySelector&&d.addEventListener&&\"undefined\"!=typeof URL&&(d.wp=d.wp||{},d.wp.receiveEmbedMessage||(d.wp.receiveEmbedMessage=function(e){var t=e.data;if((t||t.secret||t.message||t.value)&&!\/[^a-zA-Z0-9]\/.test(t.secret)){for(var s,r,n,a=l.querySelectorAll('iframe[data-secret=\"'+t.secret+'\"]'),o=l.querySelectorAll('blockquote[data-secret=\"'+t.secret+'\"]'),c=new RegExp(\"^https?:$\",\"i\"),i=0;i<o.length;i++)o[i].style.display=\"none\";for(i=0;i<a.length;i++)s=a[i],e.source===s.contentWindow&&(s.removeAttribute(\"style\"),\"height\"===t.message?(1e3<(r=parseInt(t.value,10))?r=1e3:~~r<200&&(r=200),s.height=r):\"link\"===t.message&&(r=new URL(s.getAttribute(\"src\")),n=new URL(t.value),c.test(n.protocol))&&n.host===r.host&&l.activeElement===s&&(d.top.location.href=t.value))}},d.addEventListener(\"message\",d.wp.receiveEmbedMessage,!1),l.addEventListener(\"DOMContentLoaded\",function(){for(var e,t,s=l.querySelectorAll(\"iframe.wp-embedded-content\"),r=0;r<s.length;r++)(t=(e=s[r]).getAttribute(\"data-secret\"))||(t=Math.random().toString(36).substring(2,12),e.src+=\"#?secret=\"+t,e.setAttribute(\"data-secret\",t)),e.contentWindow.postMessage({message:\"ready\",secret:t},\"*\")},!1)))}(window,document);\n\/\/# sourceURL=https:\/\/chacodiapordia.com\/wp-includes\/js\/wp-embed.min.js\n\/* ]]> *\/\n<\/script>","thumbnail_url":"https:\/\/chacodiapordia.com\/wp-content\/uploads\/2025\/02\/industria-automotriz-argentina.jpg","thumbnail_width":800,"thumbnail_height":465,"description":"La Asociaci\u00f3n de F\u00e1bricas de Automotores inform\u00f3 que, durante septiembre de 2025, la producci\u00f3n nacional alcanz\u00f3 las 47.108 unidades, cifra que representa una&nbsp;suba de 5,8%&nbsp;respecto de agosto, aunque un&nbsp;retroceso interanual del 5%&nbsp;frente al mismo mes de 2024. En los&nbsp;primeros nueve meses del a\u00f1o, las terminales acumularon&nbsp;379.243 veh\u00edculos fabricados, lo que implica un&nbsp;crecimiento de 4,6%&nbsp;en comparaci\u00f3n con el mismo per\u00edodo del a\u00f1o pasado, consolidando un desempe\u00f1o general positivo. En el plano externo, las&nbsp;exportaciones&nbsp;del mes sumaron&nbsp;26.429 unidades, lo que signific\u00f3 un&nbsp;avance mensual de 3,6%, pero una&nbsp;ca\u00edda de 17,2% interanual. Entre enero y septiembre, los env\u00edos al exterior totalizaron&nbsp;199.811 unidades, un&nbsp;9,1% menos&nbsp;que en 2024. En tanto, las&nbsp;ventas mayoristas&nbsp;hacia la red de concesionarios alcanzaron&nbsp;54.267 unidades en septiembre, lo que representa un&nbsp;incremento de 4,8%&nbsp;frente a agosto y un&nbsp;salto del 22,0%&nbsp;respecto al mismo mes del a\u00f1o anterior. En el acumulado anual, las entregas suman&nbsp;455.220 unidades,&nbsp;63,6% m\u00e1s&nbsp;que en los primeros nueve meses de 2024. En los primeros nueve meses del a\u00f1o, las terminales acumularon 379.243 veh\u00edculos fabricados, lo que implica un crecimiento de 4,6% en comparaci\u00f3n con el mismo per\u00edodo del a\u00f1o pasado, consolidando un desempe\u00f1o general positivo. \u201cEl sector mantiene un&nbsp;balance favorable&nbsp;en lo que va del a\u00f1o, con&nbsp;crecimientos sostenidos en producci\u00f3n y ventas locales. Sin embargo, el&nbsp;frente exportador&nbsp;contin\u00faa presentando desaf\u00edos estructurales, marcados por la&nbsp;dificultad de ampliar mercados y elevar vol\u00famenes\u201d, destac\u00f3&nbsp;Mart\u00edn Zuppi, presidente de&nbsp;ADEFA. El directivo subray\u00f3 la necesidad de profundizar la&nbsp;articulaci\u00f3n p\u00fablico-privada&nbsp;para fortalecer la competitividad. \u201cEs clave avanzar en una&nbsp;reducci\u00f3n de la carga impositiva&nbsp;en los tres niveles del Estado para consolidar un entorno m\u00e1s propicio a la&nbsp;inversi\u00f3n y el desarrollo productivo-exportador\u201d, afirm\u00f3. Fuente: \u00c1mbito"}

La producción automotriz cayó 5% interanual en septiembre - CHACODIAPORDIA.COM

<blockquote class="wp-embedded-content" data-secret="VgHosuG1jp"><a href="https://chacodiapordia.com/en/la-produccion-automotriz-cayo-5-interanual-en-septiembre/">La producción automotriz cayó 5% interanual en septiembre</a></blockquote><iframe sandbox="allow-scripts" security="restricted" src="https://chacodiapordia.com/en/la-produccion-automotriz-cayo-5-interanual-en-septiembre/embed/#?secret=VgHosuG1jp" width="600" height="338" title="&#8220;La producción automotriz cayó 5% interanual en septiembre&#8221; &#8212; CHACODIAPORDIA.COM" data-secret="VgHosuG1jp" frameborder="0" marginwidth="0" marginheight="0" scrolling="no" class="wp-embedded-content"></iframe><script type="text/javascript">
/* <![CDATA[ */
/*! This file is auto-generated */
!function(d,l){"use strict";l.querySelector&&d.addEventListener&&"undefined"!=typeof URL&&(d.wp=d.wp||{},d.wp.receiveEmbedMessage||(d.wp.receiveEmbedMessage=function(e){var t=e.data;if((t||t.secret||t.message||t.value)&&!/[^a-zA-Z0-9]/.test(t.secret)){for(var s,r,n,a=l.querySelectorAll('iframe[data-secret="'+t.secret+'"]'),o=l.querySelectorAll('blockquote[data-secret="'+t.secret+'"]'),c=new RegExp("^https?:$","i"),i=0;i<o.length;i++)o[i].style.display="none";for(i=0;i<a.length;i++)s=a[i],e.source===s.contentWindow&&(s.removeAttribute("style"),"height"===t.message?(1e3<(r=parseInt(t.value,10))?r=1e3:~~r<200&&(r=200),s.height=r):"link"===t.message&&(r=new URL(s.getAttribute("src")),n=new URL(t.value),c.test(n.protocol))&&n.host===r.host&&l.activeElement===s&&(d.top.location.href=t.value))}},d.addEventListener("message",d.wp.receiveEmbedMessage,!1),l.addEventListener("DOMContentLoaded",function(){for(var e,t,s=l.querySelectorAll("iframe.wp-embedded-content"),r=0;r<s.length;r++)(t=(e=s[r]).getAttribute("data-secret"))||(t=Math.random().toString(36).substring(2,12),e.src+="#?secret="+t,e.setAttribute("data-secret",t)),e.contentWindow.postMessage({message:"ready",secret:t},"*")},!1)))}(window,document);
//# sourceURL=https://chacodiapordia.com/wp-includes/js/wp-embed.min.js
/* ]]> */
</script>

La Asociación de Fábricas de Automotores informó que, durante septiembre de 2025, la producción nacional alcanzó las 47.108 unidades, cifra que representa una&nbsp;suba de 5,8%&nbsp;respecto de agosto, aunque un&nbsp;retroceso interanual del 5%&nbsp;frente al mismo mes de 2024. En los&nbsp;primeros nueve meses del año, las terminales acumularon&nbsp;379.243 vehículos fabricados, lo que implica un&nbsp;crecimiento de 4,6%&nbsp;en comparación con el mismo período del año pasado, consolidando un desempeño general positivo. En el plano externo, las&nbsp;exportaciones&nbsp;del mes sumaron&nbsp;26.429 unidades, lo que significó un&nbsp;avance mensual de 3,6%, pero una&nbsp;caída de 17,2% interanual. Entre enero y septiembre, los envíos al exterior totalizaron&nbsp;199.811 unidades, un&nbsp;9,1% menos&nbsp;que en 2024. En tanto, las&nbsp;ventas mayoristas&nbsp;hacia la red de concesionarios alcanzaron&nbsp;54.267 unidades en septiembre, lo que representa un&nbsp;incremento de 4,8%&nbsp;frente a agosto y un&nbsp;salto del 22,0%&nbsp;respecto al mismo mes del año anterior. En el acumulado anual, las entregas suman&nbsp;455.220 unidades,&nbsp;63,6% más&nbsp;que en los primeros nueve meses de 2024. En los primeros nueve meses del año, las terminales acumularon 379.243 vehículos fabricados, lo que implica un crecimiento de 4,6% en comparación con el mismo período del año pasado, consolidando un desempeño general positivo. “El sector mantiene un&nbsp;balance favorable&nbsp;en lo que va del año, con&nbsp;crecimientos sostenidos en producción y ventas locales. Sin embargo, el&nbsp;frente exportador&nbsp;continúa presentando desafíos estructurales, marcados por la&nbsp;dificultad de ampliar mercados y elevar volúmenes”, destacó&nbsp;Martín Zuppi, presidente de&nbsp;ADEFA. El directivo subrayó la necesidad de profundizar la&nbsp;articulación público-privada&nbsp;para fortalecer la competitividad. “Es clave avanzar en una&nbsp;reducción de la carga impositiva&nbsp;en los tres niveles del Estado para consolidar un entorno más propicio a la&nbsp;inversión y el desarrollo productivo-exportador”, afirmó. Fuente: Ámbito
