{"version":"1.0","provider_name":"CHACODIAPORDIA.COM","provider_url":"https:\/\/chacodiapordia.com\/en","title":"La C\u00e1mara de Diputados aprob\u00f3 la emergencia econ\u00f3mica - CHACODIAPORDIA.COM","type":"rich","width":600,"height":338,"html":"<blockquote class=\"wp-embedded-content\" data-secret=\"KxmSQfnxhF\"><a href=\"https:\/\/chacodiapordia.com\/en\/la-camara-de-diputados-aprobo-la-emergencia-economica\/\">La C\u00e1mara de Diputados aprob\u00f3 la emergencia econ\u00f3mica<\/a><\/blockquote><iframe sandbox=\"allow-scripts\" security=\"restricted\" src=\"https:\/\/chacodiapordia.com\/en\/la-camara-de-diputados-aprobo-la-emergencia-economica\/embed\/#?secret=KxmSQfnxhF\" width=\"600\" height=\"338\" title=\"&#8220;La C\u00e1mara de Diputados aprob\u00f3 la emergencia econ\u00f3mica&#8221; &#8212; CHACODIAPORDIA.COM\" data-secret=\"KxmSQfnxhF\" frameborder=\"0\" marginwidth=\"0\" marginheight=\"0\" scrolling=\"no\" class=\"wp-embedded-content\"><\/iframe><script>\n\/*! This file is auto-generated *\/\n!function(d,l){\"use strict\";l.querySelector&&d.addEventListener&&\"undefined\"!=typeof URL&&(d.wp=d.wp||{},d.wp.receiveEmbedMessage||(d.wp.receiveEmbedMessage=function(e){var t=e.data;if((t||t.secret||t.message||t.value)&&!\/[^a-zA-Z0-9]\/.test(t.secret)){for(var s,r,n,a=l.querySelectorAll('iframe[data-secret=\"'+t.secret+'\"]'),o=l.querySelectorAll('blockquote[data-secret=\"'+t.secret+'\"]'),c=new RegExp(\"^https?:$\",\"i\"),i=0;i<o.length;i++)o[i].style.display=\"none\";for(i=0;i<a.length;i++)s=a[i],e.source===s.contentWindow&&(s.removeAttribute(\"style\"),\"height\"===t.message?(1e3<(r=parseInt(t.value,10))?r=1e3:~~r<200&&(r=200),s.height=r):\"link\"===t.message&&(r=new URL(s.getAttribute(\"src\")),n=new URL(t.value),c.test(n.protocol))&&n.host===r.host&&l.activeElement===s&&(d.top.location.href=t.value))}},d.addEventListener(\"message\",d.wp.receiveEmbedMessage,!1),l.addEventListener(\"DOMContentLoaded\",function(){for(var e,t,s=l.querySelectorAll(\"iframe.wp-embedded-content\"),r=0;r<s.length;r++)(t=(e=s[r]).getAttribute(\"data-secret\"))||(t=Math.random().toString(36).substring(2,12),e.src+=\"#?secret=\"+t,e.setAttribute(\"data-secret\",t)),e.contentWindow.postMessage({message:\"ready\",secret:t},\"*\")},!1)))}(window,document);\n\/\/# sourceURL=https:\/\/chacodiapordia.com\/wp-includes\/js\/wp-embed.min.js\n<\/script>","thumbnail_url":"https:\/\/chacodiapordia.com\/wp-content\/uploads\/2024\/02\/diputados.jpg","thumbnail_width":800,"thumbnail_height":450,"description":"La C\u00e1mara de Diputados aprob\u00f3 este martes por 134 a 121 votos el art\u00edculo primero de la ley &#8220;Bases&#8221; que establece la declaraci\u00f3n de emergencia en las materias econ\u00f3micas, administrativa, financiera, tarifaria, energ\u00e9tica y de seguridad. El oficialismo cont\u00f3 con el voto de 37 votos de la Libertad Avanza, 37 del PRO, 13 de Hacemos Coalici\u00f3n Federal, 1 de Creo, 1 de Uni\u00f3n Mendocina, 1 de Avanza Libertad, 28 de la UCR, 9 de Innovaci\u00f3n, 2 de Producci\u00f3n y Trabajo, 2 de Buenos Aires y 3 de Independencia. Los votos en contra fueron 98 de Uni\u00f3n por la Patria (UxP), 6 de la UCR, 10 de Hacemos, 2 de Por Santa Cruz, y 5 de del FIT (izquierda). Posteriormente, el plenario legislativo aprob\u00f3 por 140 a 115 el art\u00edculo que establece los principios y objetivos de esa emergencia p\u00fablica. El primer art\u00edculo aprobado establece que la iniciativa &#8220;tiene por objeto declarar la emergencia en materia econ\u00f3mica, financiera, de seguridad, tarifaria, energ\u00e9tica y administrativa; y promover la iniciativa privada, as\u00ed como el desarrollo de la industria y del comercio, mediante un r\u00e9gimen jur\u00eddico que asegure los beneficios de la libertad para todos los habitantes de la Naci\u00f3n y l\u00edmite toda intervenci\u00f3n estatal que no sea la necesaria para asegurar el ejercicio efectivo de sus derechos constitucionales&#8221; Por otra parte, el art\u00edculo 2 fija que la meta de la ley es &#8220;la promoci\u00f3n del derecho fundamental a la libertad individual. Los habitantes de la Naci\u00f3n tienen derecho a ejercer sus libertades constitucionales sin injerencias indebidas por parte del Estado&#8221;. Tambi\u00e9n destaca &#8220;la protecci\u00f3n de los habitantes y de su propiedad privada. El Estado debe garantizar la seguridad y propiedad de las personas y fomentar un entorno propicio para la inversi\u00f3n y el emprendimiento. Debe asegurar el efectivo ejercicio del derecho a transitar libremente en la v\u00eda p\u00fablica evitando situaciones que pongan en riesgo la vida, la propiedad y la seguridad de los habitantes de la Naci\u00f3n&#8221;. Adem\u00e1s fija que el Estado &#8220;debe procurarse su concentraci\u00f3n en los sectores esenciales de la sociedad y su ejercicio con criterios objetivos de eficiencia, eficacia y razonabilidad&#8221; y la &#8220;organizaci\u00f3n racional y sustentable de la Administraci\u00f3n P\u00fablica Nacional a fin de garantizar una actuaci\u00f3n administrativa de calidad y respetuosa de la dignidad humana&#8221; Tambi\u00e9n establece como otro de sus principios &#8220;la creaci\u00f3n, el fomento y el desarrollo del empleo productivo privado, con la inclusi\u00f3n de quienes enfrentan mayores dificultades de inserci\u00f3n laboral, la protecci\u00f3n de los trabajadores desempleados y la regularizaci\u00f3n de las relaciones laborales existentes&#8221;. La sesi\u00f3n La sesi\u00f3n se reinici\u00f3 tras el cuarto intermedio al que se pas\u00f3 el viernes por lo que no requer\u00eda del qu\u00f3rum reglamentario y en el primer tramo, el presidente de la C\u00e1mara baja, Mart\u00edn Menem, dio lugar a planteos de los diputados sobre cuestiones de privilegio. Los primeros planteos provinieron del bloque de la Izquierda, donde los diputados Nicol\u00e1s Del Ca\u00f1o y Romina del Pl\u00e1 cuestionaron a la ministra de Seguridad, Patricia Bullrich, por el operativo desplegado durante las manifestaciones en contra de la ley registradas la semana pasada. Luego, fue el turno de las cuestiones de privilegio, oportunidad en la que el diputado nacional Pablo Carro, de Uni\u00f3n por la Patria por C\u00f3rdoba, rechazo la decisi\u00f3n de intervenir los medios p\u00fablicos adoptada por el Gobierno nacional en los \u00faltimos d\u00edas. Cuando se comenz\u00f3 a tratar en particular la Ley &#8220;Bases&#8221;, se lleg\u00f3 a un acuerdo para que el proyecto sea debatido por cap\u00edtulos y para que cada orador tenga tres minutos por discurso. En el caso de que no existan modificaciones en particular, los cap\u00edtulos ser\u00e1n votados de manera completa. En cambio, cuando haya discusiones por cap\u00edtulo, y ante la eventualidad de un cambio, los art\u00edculos cuestionados ser\u00e1n votados uno por uno. Negociaciones Tras reuniones por separado de cada bancada, Mart\u00edn Menem mantuvo este mediod\u00eda un encuentro con los diputados Miguel Pichetto (Hacemos Coalici\u00f3n Federal), Cristian Ritondo (PRO) y Rodrigo de Loredo (UCR) del que tambi\u00e9n participaron el ministro del Interior, Guillermo Francos, y legisladores del oficialismo. En las \u00faltimas horas, los legisladores -incluso de la oposici\u00f3n m\u00e1s af\u00edn al gobierno- anticiparon que &#8220;el tr\u00e1mite va a ser largo&#8221; y &#8220;puede extenderse al mi\u00e9rcoles y al jueves&#8221;, ya que se tratar\u00e1 de un extenso debate que demandar\u00eda otras tres jornadas de discusi\u00f3n, como las que se necesitaron para sancionar el dictamen en general. La C\u00e1mara de Diputados aprob\u00f3 el viernes en general, por 144 a 109 votos, el dictamen de mayor\u00eda con los cambios acordados entre la Libertad Avanza (LLA), la UCR, PRO, Hacemos e Innovaci\u00f3n, pero debi\u00f3 pasar a cuarto intermedio hasta este martes para poder consensuar las discrepancias sobre algunos puntos de esa norma. De acuerdo con las fuentes, la intenci\u00f3n de algunos diputados es desarrollar la sesi\u00f3n, pasar a otro cuatro intermedio a la medianoche y retomar el mi\u00e9rcoles para repetir esa estrategia, aunque no descartan seguir otro d\u00eda m\u00e1s si no agotan las instancias de acuerdos. Los bloques cercanos al gobierno esperan una respuesta del Gobierno a sus pedidos de reformulaci\u00f3n un conjunto de art\u00edculos. El oficialismo necesita alcanzar un acuerdo con las bancadas que apoyaron en la aprobaci\u00f3n del proyecto para votar en particular los 383 art\u00edculos del dictamen, ya que si una veintena de esos legisladores votan en contra y sumados a los 109 que ya rechazaron la iniciativa pueden caer art\u00edculos promovidos por el Gobierno nacional. Los bloques afines al oficialismo est\u00e1n de acuerdo en votar a favor la declaraci\u00f3n de emergencia que qued\u00f3 limitada a seis materias -administrativa, econ\u00f3mica, financiera, de seguridad, tarifaria y energ\u00e9tica- y sobre biocombustibles y los entes referidos a la cultura. En cambio, una decena de diputados no quiere votar art\u00edculos sobre facultades delegadas referidos a las facultades administrativas que permite disolver o suprimir organismos p\u00fablicos, con excepci\u00f3n de las Universidades Nacionales, e intervenir todos los entes o empresas p\u00fablicas y las que est\u00e1n vinculados a los fondos fiduciarios provinciales. T\u00e9lam"}

La Cámara de Diputados aprobó la emergencia económica - CHACODIAPORDIA.COM

<blockquote class="wp-embedded-content" data-secret="KxmSQfnxhF"><a href="https://chacodiapordia.com/en/la-camara-de-diputados-aprobo-la-emergencia-economica/">La Cámara de Diputados aprobó la emergencia económica</a></blockquote><iframe sandbox="allow-scripts" security="restricted" src="https://chacodiapordia.com/en/la-camara-de-diputados-aprobo-la-emergencia-economica/embed/#?secret=KxmSQfnxhF" width="600" height="338" title="&#8220;La Cámara de Diputados aprobó la emergencia económica&#8221; &#8212; CHACODIAPORDIA.COM" data-secret="KxmSQfnxhF" frameborder="0" marginwidth="0" marginheight="0" scrolling="no" class="wp-embedded-content"></iframe><script>
/*! This file is auto-generated */
!function(d,l){"use strict";l.querySelector&&d.addEventListener&&"undefined"!=typeof URL&&(d.wp=d.wp||{},d.wp.receiveEmbedMessage||(d.wp.receiveEmbedMessage=function(e){var t=e.data;if((t||t.secret||t.message||t.value)&&!/[^a-zA-Z0-9]/.test(t.secret)){for(var s,r,n,a=l.querySelectorAll('iframe[data-secret="'+t.secret+'"]'),o=l.querySelectorAll('blockquote[data-secret="'+t.secret+'"]'),c=new RegExp("^https?:$","i"),i=0;i<o.length;i++)o[i].style.display="none";for(i=0;i<a.length;i++)s=a[i],e.source===s.contentWindow&&(s.removeAttribute("style"),"height"===t.message?(1e3<(r=parseInt(t.value,10))?r=1e3:~~r<200&&(r=200),s.height=r):"link"===t.message&&(r=new URL(s.getAttribute("src")),n=new URL(t.value),c.test(n.protocol))&&n.host===r.host&&l.activeElement===s&&(d.top.location.href=t.value))}},d.addEventListener("message",d.wp.receiveEmbedMessage,!1),l.addEventListener("DOMContentLoaded",function(){for(var e,t,s=l.querySelectorAll("iframe.wp-embedded-content"),r=0;r<s.length;r++)(t=(e=s[r]).getAttribute("data-secret"))||(t=Math.random().toString(36).substring(2,12),e.src+="#?secret="+t,e.setAttribute("data-secret",t)),e.contentWindow.postMessage({message:"ready",secret:t},"*")},!1)))}(window,document);
//# sourceURL=https://chacodiapordia.com/wp-includes/js/wp-embed.min.js
</script>

La Cámara de Diputados aprobó este martes por 134 a 121 votos el artículo primero de la ley &#8220;Bases&#8221; que establece la declaración de emergencia en las materias económicas, administrativa, financiera, tarifaria, energética y de seguridad. El oficialismo contó con el voto de 37 votos de la Libertad Avanza, 37 del PRO, 13 de Hacemos Coalición Federal, 1 de Creo, 1 de Unión Mendocina, 1 de Avanza Libertad, 28 de la UCR, 9 de Innovación, 2 de Producción y Trabajo, 2 de Buenos Aires y 3 de Independencia. Los votos en contra fueron 98 de Unión por la Patria (UxP), 6 de la UCR, 10 de Hacemos, 2 de Por Santa Cruz, y 5 de del FIT (izquierda). Posteriormente, el plenario legislativo aprobó por 140 a 115 el artículo que establece los principios y objetivos de esa emergencia pública. El primer artículo aprobado establece que la iniciativa &#8220;tiene por objeto declarar la emergencia en materia económica, financiera, de seguridad, tarifaria, energética y administrativa; y promover la iniciativa privada, así como el desarrollo de la industria y del comercio, mediante un régimen jurídico que asegure los beneficios de la libertad para todos los habitantes de la Nación y límite toda intervención estatal que no sea la necesaria para asegurar el ejercicio efectivo de sus derechos constitucionales&#8221; Por otra parte, el artículo 2 fija que la meta de la ley es &#8220;la promoción del derecho fundamental a la libertad individual. Los habitantes de la Nación tienen derecho a ejercer sus libertades constitucionales sin injerencias indebidas por parte del Estado&#8221;. También destaca &#8220;la protección de los habitantes y de su propiedad privada. El Estado debe garantizar la seguridad y propiedad de las personas y fomentar un entorno propicio para la inversión y el emprendimiento. Debe asegurar el efectivo ejercicio del derecho a transitar libremente en la vía pública evitando situaciones que pongan en riesgo la vida, la propiedad y la seguridad de los habitantes de la Nación&#8221;. Además fija que el Estado &#8220;debe procurarse su concentración en los sectores esenciales de la sociedad y su ejercicio con criterios objetivos de eficiencia, eficacia y razonabilidad&#8221; y la &#8220;organización racional y sustentable de la Administración Pública Nacional a fin de garantizar una actuación administrativa de calidad y respetuosa de la dignidad humana&#8221; También establece como otro de sus principios &#8220;la creación, el fomento y el desarrollo del empleo productivo privado, con la inclusión de quienes enfrentan mayores dificultades de inserción laboral, la protección de los trabajadores desempleados y la regularización de las relaciones laborales existentes&#8221;. La sesión La sesión se reinició tras el cuarto intermedio al que se pasó el viernes por lo que no requería del quórum reglamentario y en el primer tramo, el presidente de la Cámara baja, Martín Menem, dio lugar a planteos de los diputados sobre cuestiones de privilegio. Los primeros planteos provinieron del bloque de la Izquierda, donde los diputados Nicolás Del Caño y Romina del Plá cuestionaron a la ministra de Seguridad, Patricia Bullrich, por el operativo desplegado durante las manifestaciones en contra de la ley registradas la semana pasada. Luego, fue el turno de las cuestiones de privilegio, oportunidad en la que el diputado nacional Pablo Carro, de Unión por la Patria por Córdoba, rechazo la decisión de intervenir los medios públicos adoptada por el Gobierno nacional en los últimos días. Cuando se comenzó a tratar en particular la Ley &#8220;Bases&#8221;, se llegó a un acuerdo para que el proyecto sea debatido por capítulos y para que cada orador tenga tres minutos por discurso. En el caso de que no existan modificaciones en particular, los capítulos serán votados de manera completa. En cambio, cuando haya discusiones por capítulo, y ante la eventualidad de un cambio, los artículos cuestionados serán votados uno por uno. Negociaciones Tras reuniones por separado de cada bancada, Martín Menem mantuvo este mediodía un encuentro con los diputados Miguel Pichetto (Hacemos Coalición Federal), Cristian Ritondo (PRO) y Rodrigo de Loredo (UCR) del que también participaron el ministro del Interior, Guillermo Francos, y legisladores del oficialismo. En las últimas horas, los legisladores -incluso de la oposición más afín al gobierno- anticiparon que &#8220;el trámite va a ser largo&#8221; y &#8220;puede extenderse al miércoles y al jueves&#8221;, ya que se tratará de un extenso debate que demandaría otras tres jornadas de discusión, como las que se necesitaron para sancionar el dictamen en general. La Cámara de Diputados aprobó el viernes en general, por 144 a 109 votos, el dictamen de mayoría con los cambios acordados entre la Libertad Avanza (LLA), la UCR, PRO, Hacemos e Innovación, pero debió pasar a cuarto intermedio hasta este martes para poder consensuar las discrepancias sobre algunos puntos de esa norma. De acuerdo con las fuentes, la intención de algunos diputados es desarrollar la sesión, pasar a otro cuatro intermedio a la medianoche y retomar el miércoles para repetir esa estrategia, aunque no descartan seguir otro día más si no agotan las instancias de acuerdos. Los bloques cercanos al gobierno esperan una respuesta del Gobierno a sus pedidos de reformulación un conjunto de artículos. El oficialismo necesita alcanzar un acuerdo con las bancadas que apoyaron en la aprobación del proyecto para votar en particular los 383 artículos del dictamen, ya que si una veintena de esos legisladores votan en contra y sumados a los 109 que ya rechazaron la iniciativa pueden caer artículos promovidos por el Gobierno nacional. Los bloques afines al oficialismo están de acuerdo en votar a favor la declaración de emergencia que quedó limitada a seis materias -administrativa, económica, financiera, de seguridad, tarifaria y energética- y sobre biocombustibles y los entes referidos a la cultura. En cambio, una decena de diputados no quiere votar artículos sobre facultades delegadas referidos a las facultades administrativas que permite disolver o suprimir organismos públicos, con excepción de las Universidades Nacionales, e intervenir todos los entes o empresas públicas y las que están vinculados a los fondos fiduciarios provinciales. Télam
