{"version":"1.0","provider_name":"CHACODIAPORDIA.COM","provider_url":"https:\/\/chacodiapordia.com\/en","title":"\"Insensibilidad social, cultura del odio e individualismo extremo\" - CHACODIAPORDIA.COM","type":"rich","width":600,"height":338,"html":"<blockquote class=\"wp-embedded-content\" data-secret=\"8lWzXFXUGl\"><a href=\"https:\/\/chacodiapordia.com\/en\/insensibilidad-social-cultura-del-odio-e-individualismo-extremo\/\">&#8220;Insensibilidad social, cultura del odio e individualismo extremo&#8221;<\/a><\/blockquote><iframe sandbox=\"allow-scripts\" security=\"restricted\" src=\"https:\/\/chacodiapordia.com\/en\/insensibilidad-social-cultura-del-odio-e-individualismo-extremo\/embed\/#?secret=8lWzXFXUGl\" width=\"600\" height=\"338\" title=\"&#8220;&#8220;Insensibilidad social, cultura del odio e individualismo extremo&#8221;&#8221; &#8212; CHACODIAPORDIA.COM\" data-secret=\"8lWzXFXUGl\" frameborder=\"0\" marginwidth=\"0\" marginheight=\"0\" scrolling=\"no\" class=\"wp-embedded-content\"><\/iframe><script type=\"text\/javascript\">\n\/* <![CDATA[ *\/\n\/*! This file is auto-generated *\/\n!function(d,l){\"use strict\";l.querySelector&&d.addEventListener&&\"undefined\"!=typeof URL&&(d.wp=d.wp||{},d.wp.receiveEmbedMessage||(d.wp.receiveEmbedMessage=function(e){var t=e.data;if((t||t.secret||t.message||t.value)&&!\/[^a-zA-Z0-9]\/.test(t.secret)){for(var s,r,n,a=l.querySelectorAll('iframe[data-secret=\"'+t.secret+'\"]'),o=l.querySelectorAll('blockquote[data-secret=\"'+t.secret+'\"]'),c=new RegExp(\"^https?:$\",\"i\"),i=0;i<o.length;i++)o[i].style.display=\"none\";for(i=0;i<a.length;i++)s=a[i],e.source===s.contentWindow&&(s.removeAttribute(\"style\"),\"height\"===t.message?(1e3<(r=parseInt(t.value,10))?r=1e3:~~r<200&&(r=200),s.height=r):\"link\"===t.message&&(r=new URL(s.getAttribute(\"src\")),n=new URL(t.value),c.test(n.protocol))&&n.host===r.host&&l.activeElement===s&&(d.top.location.href=t.value))}},d.addEventListener(\"message\",d.wp.receiveEmbedMessage,!1),l.addEventListener(\"DOMContentLoaded\",function(){for(var e,t,s=l.querySelectorAll(\"iframe.wp-embedded-content\"),r=0;r<s.length;r++)(t=(e=s[r]).getAttribute(\"data-secret\"))||(t=Math.random().toString(36).substring(2,12),e.src+=\"#?secret=\"+t,e.setAttribute(\"data-secret\",t)),e.contentWindow.postMessage({message:\"ready\",secret:t},\"*\")},!1)))}(window,document);\n\/\/# sourceURL=https:\/\/chacodiapordia.com\/wp-includes\/js\/wp-embed.min.js\n\/* ]]> *\/\n<\/script>","thumbnail_url":"https:\/\/chacodiapordia.com\/wp-content\/uploads\/2024\/03\/Pobreza-1.jpg","thumbnail_width":800,"thumbnail_height":600,"description":"La Comisi\u00f3n Nacional de Justicia y Paz (CNJP), un organismo integrado principalmente por laicos y laicas pero dependiente de la Conferencia Episcopal Argentina, hizo p\u00fablico un an\u00e1lisis de la situaci\u00f3n social en el que manifiesta su preocupaci\u00f3n por la p\u00e9rdida de puestos de trabajo, la inflaci\u00f3n, la baja del consumo y la p\u00e9rdida del poder adquisitivo, entre otros temas, y pone el acento en \u201cun enorme grado de insensibilidad social por parte de las autoridades en las medidas de ajuste, aunque m\u00e1s gravemente preocupa la cultura del odio y del individualismo extremo generado\u201d. El obispo de Lomas de Zamora, Jorge Lugones, Presidente de la Comisi\u00f3n Episcopal de Pastoral Social, es asesor de la CNJP. El texto, elaborado en base al di\u00e1logo con diferentes actores y sectores de todo el pa\u00eds \u201cque dan cuenta de la multiplicaci\u00f3n de situaciones que afectan la subsistencia de miles de personas de todas las edades y condiciones\u201d, se conoce pocos d\u00edas despu\u00e9s de que la Comisi\u00f3n Permanente del Episcopado, encabezada por su presidente el obispo de San Isidro, Oscar Ojea, se entrevistara con Javier Milei. En esa ocasi\u00f3n los eclesi\u00e1sticos transmitieron su preocupaci\u00f3n por la situaci\u00f3n social a partir de la informaci\u00f3n recogida tambi\u00e9n en el \u00e1mbito de la Comisi\u00f3n Permanente del Episcopado reunida en Buenos Aires en d\u00edas previos. En el documento conocido ahora, que incluye un panorama general de la situaci\u00f3n social, se afirma que \u201cel cuadro de destrucci\u00f3n de puestos de trabajo y beneficios congelados y de dif\u00edcil acceso, genera un clima de tensi\u00f3n con los movimientos populares y con los gremios por las olas de despidos tanto en el sector p\u00fablico como privado\u201d. Mientras tanto, se contin\u00faa diciendo, \u201clos beneficios fiscales a favor de las grandes empresas siguen sin tocarse\u201d y \u201cse exhibe la disminuci\u00f3n del d\u00e9ficit mediante el ajuste a trabajadores y los jubilados\u201d. Sin embargo se reconoce que, en cuanto al clima social, \u201cse refleja un apoyo a la actual gesti\u00f3n por parte de sectores de bajos ingresos, o incluso afectados en forma directa por la inflaci\u00f3n y recesi\u00f3n adem\u00e1s de los expresos apoyos de sectores de mayores recursos, encabezados por las c\u00e1maras de las grandes empresas\u201d en tanto, al mismo tiempo, \u201cse advierte un clima de alt\u00edsima fractura social, la polarizaci\u00f3n con reiteradas expresiones de &#8216;alegr\u00eda&#8217; en las redes sociales frente a dram\u00e1ticas situaciones de despidos, con una agresividad social que encuentra en los dispositivos m\u00f3viles y ordenadores un espacio de ampliaci\u00f3n sin igual\u201d. \u201cEs preocupante la calidad institucional\u201d, se lee en el documento de Justicia y Paz. Se recuerda que \u201cel DNU 70\/2023 (\u2026) se encuentra plenamente vigente, siendo el soporte para un sinn\u00famero de medidas que han impactado directamente en las familias, particularmente en las de menores ingresos\u201d. Y frente a ello el organismo eclesi\u00e1stico sostiene que \u201cla metodolog\u00eda adecuada para la implementaci\u00f3n de modificaciones y reformas \u2013en muchos casos atendibles- pasa por un trato espec\u00edfico en el \u00e1mbito correspondiente a trav\u00e9s de leyes que se env\u00eden al parlamento argentino\u201d. La Comisi\u00f3n recuerda que \u201cel 1 de marzo, el PEN anunci\u00f3 la convocatoria a los gobernadores a un &#8216;Pacto de Mayo&#8217;, con una agenda establecida y su tramitaci\u00f3n queda subordinada a la sanci\u00f3n previa de ciertas normativas por parte del Congreso\u201d, y subraya que \u201ctodo camino de di\u00e1logo es constructivo pero implica siempre el consenso y la sana deliberaci\u00f3n entre sus protagonistas, entre los cuales deben estar todos los actores pol\u00edticos, gremiales, econ\u00f3micos y sociales\u201d. En concordancia con lo anterior la CNJP sostiene que \u201cla acci\u00f3n pol\u00edtica debe promover el cuidado de la vida, la dignidad humana, el trabajo digno para todas las personas y la eliminaci\u00f3n del hambre y la exclusi\u00f3n\u201d porque \u201cno hay verdadera libertad sin fraternidad, justicia social y paz\u201d. \u201cLa persistente inflaci\u00f3n y los incrementos de precios y tarifas han creado una combinaci\u00f3n devastadora para la vida cotidiana de los argentinos\u201d y \u201cel salario real promedio registrado perdi\u00f3 el 21,3% de su capacidad de compra entre noviembre 2023 y enero de este a\u00f1o, continuando su ca\u00edda hasta el presente\u201d se lee en el documento. Si bien se reconoce que \u201cya hab\u00eda una situaci\u00f3n inflacionaria, la devaluaci\u00f3n del 100% de diciembre implic\u00f3 un aumento significativo en los precios, con una recesi\u00f3n tambi\u00e9n extraordinaria por su velocidad y profundidad\u201d. Por eso el organismo cat\u00f3lico se\u00f1ala \u201ccon preocupaci\u00f3n y sensibilidad la persistente ca\u00edda de los salarios del sector p\u00fablico (25%) y privado (19,3%)\u201d. Y agrega que \u201cm\u00e1s a\u00fan nos preocupa que el shock de ajuste haya reca\u00eddo sobre la cuenta de \u201cJubilaciones y Pensiones contributivas\u201d (a valores reales: -38,1% interanual) que, por su magnitud, explica un tercio del recorte, registr\u00e1ndose una grav\u00edsima disminuci\u00f3n de los ingresos de jubilaciones y de prestaciones de salud y de discapacidad\u201d. En la descripci\u00f3n se asegura tambi\u00e9n que \u201cla p\u00e9rdida de puestos de trabajo es un dato doloroso\u201d y a continuaci\u00f3n se consigna informaci\u00f3n sobre p\u00e9rdidas de empleo en la construcci\u00f3n, en el comercio, en la industria y en la pymes. En el mismo d\u00eda en que el gobierno de Milei anunci\u00f3 la disoluci\u00f3n del Instituto Nacional de Agricultura Familiar, la CNJP denuncia que \u201cla Agricultura Familiar se ve en la actualidad desfinanciada, en estado de alerta y abandono por parte de los organismos p\u00fablicos, que han retirado los medios de transporte para recorrer las zonas de producci\u00f3n, anuncian el despido del personal que asiste en la producci\u00f3n agr\u00edcola y ganadera a cientos de familias en todo el pa\u00eds y el cierre de sus dependencias\u201d. Finalmente la Comisi\u00f3n se\u00f1ala que \u201clos permanentes recortes sobre \u00e1mbitos de gesti\u00f3n de pol\u00edticas p\u00fablicas est\u00e1n creando problem\u00e1ticas que ponen riesgo los derechos m\u00e1s elementales en el acceso a la educaci\u00f3n o la salud, pero se extienden incluso a necesidades primarias como la alimentaci\u00f3n misma. La situaci\u00f3n en los comedores populares es apremiante por el aumento de personas que concurren y la falta de provisi\u00f3n de alimentos\u201d. P\u00e1gina\/12"}

La Comisión Nacional de Justicia y Paz (CNJP), un organismo integrado principalmente por laicos y laicas pero dependiente de la Conferencia Episcopal Argentina, hizo público un análisis de la situación social en el que manifiesta su preocupación por la pérdida de puestos de trabajo, la inflación, la baja del consumo y la pérdida del poder adquisitivo, entre otros temas, y pone el acento en “un enorme grado de insensibilidad social por parte de las autoridades en las medidas de ajuste, aunque más gravemente preocupa la cultura del odio y del individualismo extremo generado”. El obispo de Lomas de Zamora, Jorge Lugones, Presidente de la Comisión Episcopal de Pastoral Social, es asesor de la CNJP. El texto, elaborado en base al diálogo con diferentes actores y sectores de todo el país “que dan cuenta de la multiplicación de situaciones que afectan la subsistencia de miles de personas de todas las edades y condiciones”, se conoce pocos días después de que la Comisión Permanente del Episcopado, encabezada por su presidente el obispo de San Isidro, Oscar Ojea, se entrevistara con Javier Milei. En esa ocasión los eclesiásticos transmitieron su preocupación por la situación social a partir de la información recogida también en el ámbito de la Comisión Permanente del Episcopado reunida en Buenos Aires en días previos. En el documento conocido ahora, que incluye un panorama general de la situación social, se afirma que “el cuadro de destrucción de puestos de trabajo y beneficios congelados y de difícil acceso, genera un clima de tensión con los movimientos populares y con los gremios por las olas de despidos tanto en el sector público como privado”. Mientras tanto, se continúa diciendo, “los beneficios fiscales a favor de las grandes empresas siguen sin tocarse” y “se exhibe la disminución del déficit mediante el ajuste a trabajadores y los jubilados”. Sin embargo se reconoce que, en cuanto al clima social, “se refleja un apoyo a la actual gestión por parte de sectores de bajos ingresos, o incluso afectados en forma directa por la inflación y recesión además de los expresos apoyos de sectores de mayores recursos, encabezados por las cámaras de las grandes empresas” en tanto, al mismo tiempo, “se advierte un clima de altísima fractura social, la polarización con reiteradas expresiones de &#8216;alegría&#8217; en las redes sociales frente a dramáticas situaciones de despidos, con una agresividad social que encuentra en los dispositivos móviles y ordenadores un espacio de ampliación sin igual”. “Es preocupante la calidad institucional”, se lee en el documento de Justicia y Paz. Se recuerda que “el DNU 70/2023 (…) se encuentra plenamente vigente, siendo el soporte para un sinnúmero de medidas que han impactado directamente en las familias, particularmente en las de menores ingresos”. Y frente a ello el organismo eclesiástico sostiene que “la metodología adecuada para la implementación de modificaciones y reformas –en muchos casos atendibles- pasa por un trato específico en el ámbito correspondiente a través de leyes que se envíen al parlamento argentino”. La Comisión recuerda que “el 1 de marzo, el PEN anunció la convocatoria a los gobernadores a un &#8216;Pacto de Mayo&#8217;, con una agenda establecida y su tramitación queda subordinada a la sanción previa de ciertas normativas por parte del Congreso”, y subraya que “todo camino de diálogo es constructivo pero implica siempre el consenso y la sana deliberación entre sus protagonistas, entre los cuales deben estar todos los actores políticos, gremiales, económicos y sociales”. En concordancia con lo anterior la CNJP sostiene que “la acción política debe promover el cuidado de la vida, la dignidad humana, el trabajo digno para todas las personas y la eliminación del hambre y la exclusión” porque “no hay verdadera libertad sin fraternidad, justicia social y paz”. “La persistente inflación y los incrementos de precios y tarifas han creado una combinación devastadora para la vida cotidiana de los argentinos” y “el salario real promedio registrado perdió el 21,3% de su capacidad de compra entre noviembre 2023 y enero de este año, continuando su caída hasta el presente” se lee en el documento. Si bien se reconoce que “ya había una situación inflacionaria, la devaluación del 100% de diciembre implicó un aumento significativo en los precios, con una recesión también extraordinaria por su velocidad y profundidad”. Por eso el organismo católico señala “con preocupación y sensibilidad la persistente caída de los salarios del sector público (25%) y privado (19,3%)”. Y agrega que “más aún nos preocupa que el shock de ajuste haya recaído sobre la cuenta de “Jubilaciones y Pensiones contributivas” (a valores reales: -38,1% interanual) que, por su magnitud, explica un tercio del recorte, registrándose una gravísima disminución de los ingresos de jubilaciones y de prestaciones de salud y de discapacidad”. En la descripción se asegura también que “la pérdida de puestos de trabajo es un dato doloroso” y a continuación se consigna información sobre pérdidas de empleo en la construcción, en el comercio, en la industria y en la pymes. En el mismo día en que el gobierno de Milei anunció la disolución del Instituto Nacional de Agricultura Familiar, la CNJP denuncia que “la Agricultura Familiar se ve en la actualidad desfinanciada, en estado de alerta y abandono por parte de los organismos públicos, que han retirado los medios de transporte para recorrer las zonas de producción, anuncian el despido del personal que asiste en la producción agrícola y ganadera a cientos de familias en todo el país y el cierre de sus dependencias”. Finalmente la Comisión señala que “los permanentes recortes sobre ámbitos de gestión de políticas públicas están creando problemáticas que ponen riesgo los derechos más elementales en el acceso a la educación o la salud, pero se extienden incluso a necesidades primarias como la alimentación misma. La situación en los comedores populares es apremiante por el aumento de personas que concurren y la falta de provisión de alimentos”. Página/12
