{"version":"1.0","provider_name":"CHACODIAPORDIA.COM","provider_url":"https:\/\/chacodiapordia.com\/en","title":"Falleci\u00f3 Alejandra 'Locomotora' Oliveras a los 47 a\u00f1os - CHACODIAPORDIA.COM","type":"rich","width":600,"height":338,"html":"<blockquote class=\"wp-embedded-content\" data-secret=\"SkQa2V738H\"><a href=\"https:\/\/chacodiapordia.com\/en\/fallecio-alejandra-locomotora-oliveras-a-los-47-anos\/\">Falleci\u00f3 Alejandra &#8216;Locomotora&#8217; Oliveras a los 47 a\u00f1os<\/a><\/blockquote><iframe sandbox=\"allow-scripts\" security=\"restricted\" src=\"https:\/\/chacodiapordia.com\/en\/fallecio-alejandra-locomotora-oliveras-a-los-47-anos\/embed\/#?secret=SkQa2V738H\" width=\"600\" height=\"338\" title=\"&#8220;Falleci\u00f3 Alejandra &#8216;Locomotora&#8217; Oliveras a los 47 a\u00f1os&#8221; &#8212; CHACODIAPORDIA.COM\" data-secret=\"SkQa2V738H\" frameborder=\"0\" marginwidth=\"0\" marginheight=\"0\" scrolling=\"no\" class=\"wp-embedded-content\"><\/iframe><script type=\"text\/javascript\">\n\/* <![CDATA[ *\/\n\/*! This file is auto-generated *\/\n!function(d,l){\"use strict\";l.querySelector&&d.addEventListener&&\"undefined\"!=typeof URL&&(d.wp=d.wp||{},d.wp.receiveEmbedMessage||(d.wp.receiveEmbedMessage=function(e){var t=e.data;if((t||t.secret||t.message||t.value)&&!\/[^a-zA-Z0-9]\/.test(t.secret)){for(var s,r,n,a=l.querySelectorAll('iframe[data-secret=\"'+t.secret+'\"]'),o=l.querySelectorAll('blockquote[data-secret=\"'+t.secret+'\"]'),c=new RegExp(\"^https?:$\",\"i\"),i=0;i<o.length;i++)o[i].style.display=\"none\";for(i=0;i<a.length;i++)s=a[i],e.source===s.contentWindow&&(s.removeAttribute(\"style\"),\"height\"===t.message?(1e3<(r=parseInt(t.value,10))?r=1e3:~~r<200&&(r=200),s.height=r):\"link\"===t.message&&(r=new URL(s.getAttribute(\"src\")),n=new URL(t.value),c.test(n.protocol))&&n.host===r.host&&l.activeElement===s&&(d.top.location.href=t.value))}},d.addEventListener(\"message\",d.wp.receiveEmbedMessage,!1),l.addEventListener(\"DOMContentLoaded\",function(){for(var e,t,s=l.querySelectorAll(\"iframe.wp-embedded-content\"),r=0;r<s.length;r++)(t=(e=s[r]).getAttribute(\"data-secret\"))||(t=Math.random().toString(36).substring(2,12),e.src+=\"#?secret=\"+t,e.setAttribute(\"data-secret\",t)),e.contentWindow.postMessage({message:\"ready\",secret:t},\"*\")},!1)))}(window,document);\n\/\/# sourceURL=https:\/\/chacodiapordia.com\/wp-includes\/js\/wp-embed.min.js\n\/* ]]> *\/\n<\/script>","thumbnail_url":"https:\/\/chacodiapordia.com\/wp-content\/uploads\/2025\/07\/Boxeo-LocomotoraOliveras-Jul2025.jpg","thumbnail_width":700,"thumbnail_height":438,"description":"La boxeadora Alejandra \u201cLocomotora\u201d Oliveras muri\u00f3 este lunes en el Hospital Jos\u00e9 Mar\u00eda Cullen en Santa Fe, a las 16, despu\u00e9s de haber sufrido un accidente cerebrovascular isqu\u00e9mico (AVC) y estar dos semanas internada. Desde su ingreso al nosocomio, su cuadro se hab\u00eda presentado como \u201ccr\u00edtico\u201d. En di\u00e1logo con La Naci\u00f3n, el director del hospital, Bruno Moroni, dijo que la pugilista sufri\u00f3 \u201cun shock seguido de un tromboembolismo pulmonar masivo\u201d &#8211; se produjo un co\u00e1gulo de sangre que bloque\u00f3 una o m\u00e1s arterias pulmonares principales, afectando significativamente el flujo sangu\u00edneo a los pulmones y al coraz\u00f3n -. La deportista de 47 a\u00f1os hab\u00eda ingresado por guardia al hospital santafesino donde se constat\u00f3 que \u201cpresentaba un s\u00edndrome confusional asociado a una p\u00e9rdida de movilidad en el lado izquierdo del cuerpo\u201d, motivo por el cual qued\u00f3 internada. Oliveras no ten\u00eda antecedentes de salud de consideraci\u00f3n, salvo una reciente operaci\u00f3n que no habr\u00eda generado complicaciones. En uno de los estudios realizados, se detect\u00f3 una obstrucci\u00f3n en una de las arterias que provoc\u00f3 este accidente cerebrovascular. Al no permitir la llegada de flujo sangu\u00edneo a una parte del cerebro es que se le produjo la isquemia. Oliveras iba a ser parte de la convenci\u00f3n constituyente de su provincia para modificar parte de la Carta Magna. Al momento de su fallecimiento, estuvo acompa\u00f1ada de sus hijos y familia. Oliveras naci\u00f3 el 20 de marzo de 1978 en El Carmen, Jujuy, pero se cri\u00f3 en C\u00f3rdoba. Creci\u00f3 en una familia de escasos recursos y comenz\u00f3 a trabajar desde muy joven. Fue madre a los 14 a\u00f1os y v\u00edctima de violencia de g\u00e9nero, lo que la llev\u00f3 a iniciarse en el boxeo como forma de defensa personal. Debut\u00f3 como boxeadora profesional el 12 de agosto de 2005 en General Levalle, C\u00f3rdoba, con una victoria por nocaut ante Mar\u00eda del Carmen Potenza. En mayo de 2006 alcanz\u00f3 reconocimiento internacional al consagrarse campeona mundial supergallo del Consejo Mundial de Boxeo (CMB) ante Jackie Nava en Tijuana, M\u00e9xico. Posteriormente, obtuvo otros cinco t\u00edtulos mundiales: fue campeona pluma de la Asociaci\u00f3n Mundial de Boxeo (AMB) en 2011 al derrotar a Liliana Palmera; campeona pluma de la Organizaci\u00f3n Mundial de Boxeo (OMB) en 2012 tras imponerse a Jessica Villafranca; y campeona superligero del CMB en 2013 al vencer a Lely Luz Fl\u00f3rez. En total, gan\u00f3 seis cinturones mundiales en tres categor\u00edas distintas, con un r\u00e9cord profesional de 33 victorias (16 por nocaut), 3 derrotas y 2 empates. Adem\u00e1s de su carrera deportiva, Oliveras se destac\u00f3 por su activismo en favor del boxeo femenino. Denunci\u00f3 p\u00fablicamente la desigualdad de condiciones entre hombres y mujeres en el deporte, especialmente en lo econ\u00f3mico, y cuestion\u00f3 el trato que reciben las boxeadoras profesionales. Fuera del ring, fund\u00f3 el \u201cTeam Locomotora\u201d en Santo Tom\u00e9, Santa Fe, donde ofrec\u00eda entrenamientos gratuitos para j\u00f3venes de bajos recursos. Durante la pandemia de Covid-19 organiz\u00f3 colectas de alimentos y asistencia social. En 2021 fue candidata a diputada nacional por la provincia de Santa Fe, representando al partido Unite. En abril de 2024 fue incorporada adem\u00e1s al Ministerio de Seguridad de la Naci\u00f3n, donde trabaj\u00f3 en el \u00e1rea de Seguridad en Eventos Deportivos. Ese mismo a\u00f1o se sum\u00f3 al Sal\u00f3n de la Fama del Boxeo Latinoamericano, convirti\u00e9ndose en la primera mujer argentina en recibir esa distinci\u00f3n. Clar\u00edn\/La Naci\u00f3n"}

Falleció Alejandra 'Locomotora' Oliveras a los 47 años - CHACODIAPORDIA.COM

<blockquote class="wp-embedded-content" data-secret="SkQa2V738H"><a href="https://chacodiapordia.com/en/fallecio-alejandra-locomotora-oliveras-a-los-47-anos/">Falleció Alejandra &#8216;Locomotora&#8217; Oliveras a los 47 años</a></blockquote><iframe sandbox="allow-scripts" security="restricted" src="https://chacodiapordia.com/en/fallecio-alejandra-locomotora-oliveras-a-los-47-anos/embed/#?secret=SkQa2V738H" width="600" height="338" title="&#8220;Falleció Alejandra &#8216;Locomotora&#8217; Oliveras a los 47 años&#8221; &#8212; CHACODIAPORDIA.COM" data-secret="SkQa2V738H" frameborder="0" marginwidth="0" marginheight="0" scrolling="no" class="wp-embedded-content"></iframe><script type="text/javascript">
/* <![CDATA[ */
/*! This file is auto-generated */
!function(d,l){"use strict";l.querySelector&&d.addEventListener&&"undefined"!=typeof URL&&(d.wp=d.wp||{},d.wp.receiveEmbedMessage||(d.wp.receiveEmbedMessage=function(e){var t=e.data;if((t||t.secret||t.message||t.value)&&!/[^a-zA-Z0-9]/.test(t.secret)){for(var s,r,n,a=l.querySelectorAll('iframe[data-secret="'+t.secret+'"]'),o=l.querySelectorAll('blockquote[data-secret="'+t.secret+'"]'),c=new RegExp("^https?:$","i"),i=0;i<o.length;i++)o[i].style.display="none";for(i=0;i<a.length;i++)s=a[i],e.source===s.contentWindow&&(s.removeAttribute("style"),"height"===t.message?(1e3<(r=parseInt(t.value,10))?r=1e3:~~r<200&&(r=200),s.height=r):"link"===t.message&&(r=new URL(s.getAttribute("src")),n=new URL(t.value),c.test(n.protocol))&&n.host===r.host&&l.activeElement===s&&(d.top.location.href=t.value))}},d.addEventListener("message",d.wp.receiveEmbedMessage,!1),l.addEventListener("DOMContentLoaded",function(){for(var e,t,s=l.querySelectorAll("iframe.wp-embedded-content"),r=0;r<s.length;r++)(t=(e=s[r]).getAttribute("data-secret"))||(t=Math.random().toString(36).substring(2,12),e.src+="#?secret="+t,e.setAttribute("data-secret",t)),e.contentWindow.postMessage({message:"ready",secret:t},"*")},!1)))}(window,document);
//# sourceURL=https://chacodiapordia.com/wp-includes/js/wp-embed.min.js
/* ]]> */
</script>

La boxeadora Alejandra “Locomotora” Oliveras murió este lunes en el Hospital José María Cullen en Santa Fe, a las 16, después de haber sufrido un accidente cerebrovascular isquémico (AVC) y estar dos semanas internada. Desde su ingreso al nosocomio, su cuadro se había presentado como “crítico”. En diálogo con La Nación, el director del hospital, Bruno Moroni, dijo que la pugilista sufrió “un shock seguido de un tromboembolismo pulmonar masivo” &#8211; se produjo un coágulo de sangre que bloqueó una o más arterias pulmonares principales, afectando significativamente el flujo sanguíneo a los pulmones y al corazón -. La deportista de 47 años había ingresado por guardia al hospital santafesino donde se constató que “presentaba un síndrome confusional asociado a una pérdida de movilidad en el lado izquierdo del cuerpo”, motivo por el cual quedó internada. Oliveras no tenía antecedentes de salud de consideración, salvo una reciente operación que no habría generado complicaciones. En uno de los estudios realizados, se detectó una obstrucción en una de las arterias que provocó este accidente cerebrovascular. Al no permitir la llegada de flujo sanguíneo a una parte del cerebro es que se le produjo la isquemia. Oliveras iba a ser parte de la convención constituyente de su provincia para modificar parte de la Carta Magna. Al momento de su fallecimiento, estuvo acompañada de sus hijos y familia. Oliveras nació el 20 de marzo de 1978 en El Carmen, Jujuy, pero se crió en Córdoba. Creció en una familia de escasos recursos y comenzó a trabajar desde muy joven. Fue madre a los 14 años y víctima de violencia de género, lo que la llevó a iniciarse en el boxeo como forma de defensa personal. Debutó como boxeadora profesional el 12 de agosto de 2005 en General Levalle, Córdoba, con una victoria por nocaut ante María del Carmen Potenza. En mayo de 2006 alcanzó reconocimiento internacional al consagrarse campeona mundial supergallo del Consejo Mundial de Boxeo (CMB) ante Jackie Nava en Tijuana, México. Posteriormente, obtuvo otros cinco títulos mundiales: fue campeona pluma de la Asociación Mundial de Boxeo (AMB) en 2011 al derrotar a Liliana Palmera; campeona pluma de la Organización Mundial de Boxeo (OMB) en 2012 tras imponerse a Jessica Villafranca; y campeona superligero del CMB en 2013 al vencer a Lely Luz Flórez. En total, ganó seis cinturones mundiales en tres categorías distintas, con un récord profesional de 33 victorias (16 por nocaut), 3 derrotas y 2 empates. Además de su carrera deportiva, Oliveras se destacó por su activismo en favor del boxeo femenino. Denunció públicamente la desigualdad de condiciones entre hombres y mujeres en el deporte, especialmente en lo económico, y cuestionó el trato que reciben las boxeadoras profesionales. Fuera del ring, fundó el “Team Locomotora” en Santo Tomé, Santa Fe, donde ofrecía entrenamientos gratuitos para jóvenes de bajos recursos. Durante la pandemia de Covid-19 organizó colectas de alimentos y asistencia social. En 2021 fue candidata a diputada nacional por la provincia de Santa Fe, representando al partido Unite. En abril de 2024 fue incorporada además al Ministerio de Seguridad de la Nación, donde trabajó en el área de Seguridad en Eventos Deportivos. Ese mismo año se sumó al Salón de la Fama del Boxeo Latinoamericano, convirtiéndose en la primera mujer argentina en recibir esa distinción. Clarín/La Nación
