{"version":"1.0","provider_name":"CHACODIAPORDIA.COM","provider_url":"https:\/\/chacodiapordia.com\/en","title":"Espert llam\u00f3 \"ignorante supino\" al Papa Francisco - CHACODIAPORDIA.COM","type":"rich","width":600,"height":338,"html":"<blockquote class=\"wp-embedded-content\" data-secret=\"KzDwbMkzUn\"><a href=\"https:\/\/chacodiapordia.com\/en\/espert-llamo-ignorante-supino-al-papa-francisco\/\">Espert llam\u00f3 &#8220;ignorante supino&#8221; al Papa Francisco<\/a><\/blockquote><iframe sandbox=\"allow-scripts\" security=\"restricted\" src=\"https:\/\/chacodiapordia.com\/en\/espert-llamo-ignorante-supino-al-papa-francisco\/embed\/#?secret=KzDwbMkzUn\" width=\"600\" height=\"338\" title=\"&#8220;Espert llam\u00f3 &#8220;ignorante supino&#8221; al Papa Francisco&#8221; &#8212; CHACODIAPORDIA.COM\" data-secret=\"KzDwbMkzUn\" frameborder=\"0\" marginwidth=\"0\" marginheight=\"0\" scrolling=\"no\" class=\"wp-embedded-content\"><\/iframe><script type=\"text\/javascript\">\n\/* <![CDATA[ *\/\n\/*! This file is auto-generated *\/\n!function(d,l){\"use strict\";l.querySelector&&d.addEventListener&&\"undefined\"!=typeof URL&&(d.wp=d.wp||{},d.wp.receiveEmbedMessage||(d.wp.receiveEmbedMessage=function(e){var t=e.data;if((t||t.secret||t.message||t.value)&&!\/[^a-zA-Z0-9]\/.test(t.secret)){for(var s,r,n,a=l.querySelectorAll('iframe[data-secret=\"'+t.secret+'\"]'),o=l.querySelectorAll('blockquote[data-secret=\"'+t.secret+'\"]'),c=new RegExp(\"^https?:$\",\"i\"),i=0;i<o.length;i++)o[i].style.display=\"none\";for(i=0;i<a.length;i++)s=a[i],e.source===s.contentWindow&&(s.removeAttribute(\"style\"),\"height\"===t.message?(1e3<(r=parseInt(t.value,10))?r=1e3:~~r<200&&(r=200),s.height=r):\"link\"===t.message&&(r=new URL(s.getAttribute(\"src\")),n=new URL(t.value),c.test(n.protocol))&&n.host===r.host&&l.activeElement===s&&(d.top.location.href=t.value))}},d.addEventListener(\"message\",d.wp.receiveEmbedMessage,!1),l.addEventListener(\"DOMContentLoaded\",function(){for(var e,t,s=l.querySelectorAll(\"iframe.wp-embedded-content\"),r=0;r<s.length;r++)(t=(e=s[r]).getAttribute(\"data-secret\"))||(t=Math.random().toString(36).substring(2,12),e.src+=\"#?secret=\"+t,e.setAttribute(\"data-secret\",t)),e.contentWindow.postMessage({message:\"ready\",secret:t},\"*\")},!1)))}(window,document);\n\/\/# sourceURL=https:\/\/chacodiapordia.com\/wp-includes\/js\/wp-embed.min.js\n\/* ]]> *\/\n<\/script>","thumbnail_url":"https:\/\/chacodiapordia.com\/wp-content\/uploads\/2024\/02\/Espert.jpg","thumbnail_width":800,"thumbnail_height":600,"description":"Espert se refiri\u00f3 a las consideraciones del Papa en torno a los disturbios tras la ratificaci\u00f3n del veto presidencial a la reforma jubilatoria que impulsaba la oposici\u00f3n. \u201cYo creo que es un ignorante en materia de lo que pasa en la Argentina y creo que es un ignorante supino, porque podr\u00eda informarse y estudiar un poco. Ha dicho una cantidad de estupideces inimaginables, en los \u00faltimos d\u00edas&#8221;, carg\u00f3 el legislador contra el jefe de la Iglesia. El papa Francisco hab\u00eda cuestionado la acci\u00f3n del gobierno del presidente Javier Milei en el marco del 10\u00b0 aniversario del Primer Encuentro Mundial de Movimientos Populares, que comparti\u00f3 junto a dirigentes de la oposici\u00f3n, como Juan Grabois. \u201cMe hicieron ver un filmado de una represi\u00f3n de hace una semana, menos quiz\u00e1s. Obreros, gente que ped\u00eda por sus derechos en la calle y la Polic\u00eda la rechazaba con una cosa que es lo m\u00e1s caro que hay, ese gas pimienta de primera calidad. No ten\u00edan derecho a reclamar lo suyo porque eran revoltosos, comunistas\u2026 y el Gobierno se puso firme: en vez de pagar justicia social, pag\u00f3 el gas pimienta. Les conven\u00eda. T\u00e9nganlo en cuenta\u201d, expres\u00f3 el Papa en el encuentro. Espert tambi\u00e9n sali\u00f3 al cruce del Papa por haber criticado la figura hist\u00f3rica de Julio Argentino Roca. &#8220;Decir que Roca fue un criminal, por ejemplo, cuando fue el mejor presidente de la historia argentina\u201d y por \u201chablar estupideces de que los mapuches hab\u00edan sido asesinados, cuando fueron ellos los asesinos de nuestros indios tehuelches, en todo caso\u201d, expres\u00f3 el legislador. \u201cYo creo que la Iglesia nunca se banc\u00f3 eso de liberales que tienen los cojones que tuvo Julio Argentino Roca, por eso opina como opina del Gobierno de Milei&#8221;, agreg\u00f3. Tambi\u00e9n dijo que Francisco &#8220;no abri\u00f3 la boca nunca de un gobierno que hizo una cuarentena asesina, como el de Alberto Fern\u00e1ndez, o de un asesino como lo es (Nicol\u00e1s) Maduro o (Hugo) Ch\u00e1vez en Venezuela&#8221;. Espert, asimismo, fustig\u00f3 al Papa por haber recibido a Juan Grabois y a otros dirigentes sociales opositores. \u201cAtender a un delincuente como Grabois, que deber\u00eda estar preso por cortar las calles, o a un mafioso como (Hugo) Moyano, yo no lo puedo entender. Este Gobierno est\u00e1 bajando sustancialmente el peor impuesto para los pobres, que es la inflaci\u00f3n, pero \u00bfde eso no hay m\u00e9rito y s\u00ed tiene m\u00e9rito un delincuente como Grabois o un mafioso como Moyano y los recibe? Qu\u00e9 vara rara que tiene el Papa, la verdad\u201d, cerr\u00f3. Noticias Argentinas"}

Espert llamó "ignorante supino" al Papa Francisco - CHACODIAPORDIA.COM

<blockquote class="wp-embedded-content" data-secret="KzDwbMkzUn"><a href="https://chacodiapordia.com/en/espert-llamo-ignorante-supino-al-papa-francisco/">Espert llamó &#8220;ignorante supino&#8221; al Papa Francisco</a></blockquote><iframe sandbox="allow-scripts" security="restricted" src="https://chacodiapordia.com/en/espert-llamo-ignorante-supino-al-papa-francisco/embed/#?secret=KzDwbMkzUn" width="600" height="338" title="&#8220;Espert llamó &#8220;ignorante supino&#8221; al Papa Francisco&#8221; &#8212; CHACODIAPORDIA.COM" data-secret="KzDwbMkzUn" frameborder="0" marginwidth="0" marginheight="0" scrolling="no" class="wp-embedded-content"></iframe><script type="text/javascript">
/* <![CDATA[ */
/*! This file is auto-generated */
!function(d,l){"use strict";l.querySelector&&d.addEventListener&&"undefined"!=typeof URL&&(d.wp=d.wp||{},d.wp.receiveEmbedMessage||(d.wp.receiveEmbedMessage=function(e){var t=e.data;if((t||t.secret||t.message||t.value)&&!/[^a-zA-Z0-9]/.test(t.secret)){for(var s,r,n,a=l.querySelectorAll('iframe[data-secret="'+t.secret+'"]'),o=l.querySelectorAll('blockquote[data-secret="'+t.secret+'"]'),c=new RegExp("^https?:$","i"),i=0;i<o.length;i++)o[i].style.display="none";for(i=0;i<a.length;i++)s=a[i],e.source===s.contentWindow&&(s.removeAttribute("style"),"height"===t.message?(1e3<(r=parseInt(t.value,10))?r=1e3:~~r<200&&(r=200),s.height=r):"link"===t.message&&(r=new URL(s.getAttribute("src")),n=new URL(t.value),c.test(n.protocol))&&n.host===r.host&&l.activeElement===s&&(d.top.location.href=t.value))}},d.addEventListener("message",d.wp.receiveEmbedMessage,!1),l.addEventListener("DOMContentLoaded",function(){for(var e,t,s=l.querySelectorAll("iframe.wp-embedded-content"),r=0;r<s.length;r++)(t=(e=s[r]).getAttribute("data-secret"))||(t=Math.random().toString(36).substring(2,12),e.src+="#?secret="+t,e.setAttribute("data-secret",t)),e.contentWindow.postMessage({message:"ready",secret:t},"*")},!1)))}(window,document);
//# sourceURL=https://chacodiapordia.com/wp-includes/js/wp-embed.min.js
/* ]]> */
</script>

Espert se refirió a las consideraciones del Papa en torno a los disturbios tras la ratificación del veto presidencial a la reforma jubilatoria que impulsaba la oposición. “Yo creo que es un ignorante en materia de lo que pasa en la Argentina y creo que es un ignorante supino, porque podría informarse y estudiar un poco. Ha dicho una cantidad de estupideces inimaginables, en los últimos días&#8221;, cargó el legislador contra el jefe de la Iglesia. El papa Francisco había cuestionado la acción del gobierno del presidente Javier Milei en el marco del 10° aniversario del Primer Encuentro Mundial de Movimientos Populares, que compartió junto a dirigentes de la oposición, como Juan Grabois. “Me hicieron ver un filmado de una represión de hace una semana, menos quizás. Obreros, gente que pedía por sus derechos en la calle y la Policía la rechazaba con una cosa que es lo más caro que hay, ese gas pimienta de primera calidad. No tenían derecho a reclamar lo suyo porque eran revoltosos, comunistas… y el Gobierno se puso firme: en vez de pagar justicia social, pagó el gas pimienta. Les convenía. Ténganlo en cuenta”, expresó el Papa en el encuentro. Espert también salió al cruce del Papa por haber criticado la figura histórica de Julio Argentino Roca. &#8220;Decir que Roca fue un criminal, por ejemplo, cuando fue el mejor presidente de la historia argentina” y por “hablar estupideces de que los mapuches habían sido asesinados, cuando fueron ellos los asesinos de nuestros indios tehuelches, en todo caso”, expresó el legislador. “Yo creo que la Iglesia nunca se bancó eso de liberales que tienen los cojones que tuvo Julio Argentino Roca, por eso opina como opina del Gobierno de Milei&#8221;, agregó. También dijo que Francisco &#8220;no abrió la boca nunca de un gobierno que hizo una cuarentena asesina, como el de Alberto Fernández, o de un asesino como lo es (Nicolás) Maduro o (Hugo) Chávez en Venezuela&#8221;. Espert, asimismo, fustigó al Papa por haber recibido a Juan Grabois y a otros dirigentes sociales opositores. “Atender a un delincuente como Grabois, que debería estar preso por cortar las calles, o a un mafioso como (Hugo) Moyano, yo no lo puedo entender. Este Gobierno está bajando sustancialmente el peor impuesto para los pobres, que es la inflación, pero ¿de eso no hay mérito y sí tiene mérito un delincuente como Grabois o un mafioso como Moyano y los recibe? Qué vara rara que tiene el Papa, la verdad”, cerró. Noticias Argentinas
