{"version":"1.0","provider_name":"CHACODIAPORDIA.COM","provider_url":"https:\/\/chacodiapordia.com\/en","title":"En julio reabrir\u00e1n el Museo Malvinas Chaco - CHACODIAPORDIA.COM","type":"rich","width":600,"height":338,"html":"<blockquote class=\"wp-embedded-content\" data-secret=\"NHiXgHfKKD\"><a href=\"https:\/\/chacodiapordia.com\/en\/en-julio-reabriran-el-museo-malvinas-chaco\/\">En julio reabrir\u00e1n el Museo Malvinas Chaco<\/a><\/blockquote><iframe sandbox=\"allow-scripts\" security=\"restricted\" src=\"https:\/\/chacodiapordia.com\/en\/en-julio-reabriran-el-museo-malvinas-chaco\/embed\/#?secret=NHiXgHfKKD\" width=\"600\" height=\"338\" title=\"&#8220;En julio reabrir\u00e1n el Museo Malvinas Chaco&#8221; &#8212; CHACODIAPORDIA.COM\" data-secret=\"NHiXgHfKKD\" frameborder=\"0\" marginwidth=\"0\" marginheight=\"0\" scrolling=\"no\" class=\"wp-embedded-content\"><\/iframe><script type=\"text\/javascript\">\n\/* <![CDATA[ *\/\n\/*! This file is auto-generated *\/\n!function(d,l){\"use strict\";l.querySelector&&d.addEventListener&&\"undefined\"!=typeof URL&&(d.wp=d.wp||{},d.wp.receiveEmbedMessage||(d.wp.receiveEmbedMessage=function(e){var t=e.data;if((t||t.secret||t.message||t.value)&&!\/[^a-zA-Z0-9]\/.test(t.secret)){for(var s,r,n,a=l.querySelectorAll('iframe[data-secret=\"'+t.secret+'\"]'),o=l.querySelectorAll('blockquote[data-secret=\"'+t.secret+'\"]'),c=new RegExp(\"^https?:$\",\"i\"),i=0;i<o.length;i++)o[i].style.display=\"none\";for(i=0;i<a.length;i++)s=a[i],e.source===s.contentWindow&&(s.removeAttribute(\"style\"),\"height\"===t.message?(1e3<(r=parseInt(t.value,10))?r=1e3:~~r<200&&(r=200),s.height=r):\"link\"===t.message&&(r=new URL(s.getAttribute(\"src\")),n=new URL(t.value),c.test(n.protocol))&&n.host===r.host&&l.activeElement===s&&(d.top.location.href=t.value))}},d.addEventListener(\"message\",d.wp.receiveEmbedMessage,!1),l.addEventListener(\"DOMContentLoaded\",function(){for(var e,t,s=l.querySelectorAll(\"iframe.wp-embedded-content\"),r=0;r<s.length;r++)(t=(e=s[r]).getAttribute(\"data-secret\"))||(t=Math.random().toString(36).substring(2,12),e.src+=\"#?secret=\"+t,e.setAttribute(\"data-secret\",t)),e.contentWindow.postMessage({message:\"ready\",secret:t},\"*\")},!1)))}(window,document);\n\/\/# sourceURL=https:\/\/chacodiapordia.com\/wp-includes\/js\/wp-embed.min.js\n\/* ]]> *\/\n<\/script>","thumbnail_url":"https:\/\/chacodiapordia.com\/wp-content\/uploads\/2024\/06\/Museo-Malvinas-Chaco-1.jpg","thumbnail_width":800,"thumbnail_height":533,"description":"El Museo Malvinas Chaco (Av. Alberdi 2600) fue inaugurado un 10 de junio de 2013 y estuvo cerrado durante la pandemia de Covid19. Finalmente, luego de unas refacciones ser\u00e1 puesto en funcionamiento. Su director, Mart\u00edn Bacs, explic\u00f3: \u201cLas actividades que brindamos consisten en visitas guiadas, con la entrega de una carpeta a los docentes que nos visitan. Tenemos un proyecto denominado \u2018Educar arraigando soberan\u00eda\u2019 y consiste en una serie de actividades que tienen que ver con Malvinas, para que el docente que visite el museo con sus alumnos los haga trabajar y luego, a manera de devoluci\u00f3n de lo aprendido, lo vuelquen en maquetas o l\u00e1minas que tienen que ver con la historia de Malvinas y nuestra soberan\u00eda\u201d. \u201cEs importante que las j\u00f3venes generaciones conozcan la historia y tomen conciencia de la importancia geoestrat\u00e9gica de Malvinas y de sus recursos naturales. Invitamos tambi\u00e9n a todos los ciudadanos para conocer la historia reciente y para que puedan tomar contacto con los testimonios de quienes estuvieron en Malvinas. Es fundamental tener siempre presente a aquellos h\u00e9roes que no pudieron volver y hoy permanecen en nuestras Islas\u201d, finaliz\u00f3 Bacs. Aunque se trata de un espacio de gesti\u00f3n privada, el gobierno chaque\u00f1o, a trav\u00e9s del Instituto de Cultura del Chaco, brinda su apoyo. Al respecto, el presidente del Instituto de Cultura, Mario Zorrilla, celebr\u00f3 la inminente reapertura y detall\u00f3 que desde el Instituto \u201cprestamos colaboraci\u00f3n y firmamos algunos convenios, sobre todo para la difusi\u00f3n y para que nuestros estudiantes tambi\u00e9n puedan conocer este espacio\u201d. Vale recordar que a comienzos de junio el gobernador Lenadro Zdero visit\u00f3 el Museo y destac\u00f3 la labor de los ex combatientes para mantener viva la historia. Asegur\u00f3 que se articular\u00e1n tareas a trav\u00e9s del Ministerio de Educaci\u00f3n y Cultura a los efectos de poder acompa\u00f1ar a la instituci\u00f3n. \u201cEste espacio es producto del esfuerzo de quienes son nuestros h\u00e9roes de Malvinas que, adem\u00e1s de luchar por la patria, reflejan esta historia aqu\u00ed donde uno puede verla y palparla.\u201d, dijo Zdero. \u201cEs un honor que mantengan viva esta llama, es un recuerdo de cosas poco felices, pero llevan adelante este trabajo con el orgullo de haber peleado y defendido a nuestro pa\u00eds\u201d, destac\u00f3 el gobernador. El circuito por el museo incluye el abordaje de la Guerra, la historia de Malvinas, sus descubridores, pobladores, la flora, fauna, los reclamos ante la ONU y el servicio militar. La recorrida subraya la importancia que tuvo y tiene esta guerra dentro de la historia de nuestro pa\u00eds e incluye testimonios de los chaque\u00f1os que participaron del conflicto. Tambi\u00e9n cuenta con una muestra de uniformes, armas y objetos que utilizaron los soldados."}

En julio reabrirán el Museo Malvinas Chaco - CHACODIAPORDIA.COM

<blockquote class="wp-embedded-content" data-secret="NHiXgHfKKD"><a href="https://chacodiapordia.com/en/en-julio-reabriran-el-museo-malvinas-chaco/">En julio reabrirán el Museo Malvinas Chaco</a></blockquote><iframe sandbox="allow-scripts" security="restricted" src="https://chacodiapordia.com/en/en-julio-reabriran-el-museo-malvinas-chaco/embed/#?secret=NHiXgHfKKD" width="600" height="338" title="&#8220;En julio reabrirán el Museo Malvinas Chaco&#8221; &#8212; CHACODIAPORDIA.COM" data-secret="NHiXgHfKKD" frameborder="0" marginwidth="0" marginheight="0" scrolling="no" class="wp-embedded-content"></iframe><script type="text/javascript">
/* <![CDATA[ */
/*! This file is auto-generated */
!function(d,l){"use strict";l.querySelector&&d.addEventListener&&"undefined"!=typeof URL&&(d.wp=d.wp||{},d.wp.receiveEmbedMessage||(d.wp.receiveEmbedMessage=function(e){var t=e.data;if((t||t.secret||t.message||t.value)&&!/[^a-zA-Z0-9]/.test(t.secret)){for(var s,r,n,a=l.querySelectorAll('iframe[data-secret="'+t.secret+'"]'),o=l.querySelectorAll('blockquote[data-secret="'+t.secret+'"]'),c=new RegExp("^https?:$","i"),i=0;i<o.length;i++)o[i].style.display="none";for(i=0;i<a.length;i++)s=a[i],e.source===s.contentWindow&&(s.removeAttribute("style"),"height"===t.message?(1e3<(r=parseInt(t.value,10))?r=1e3:~~r<200&&(r=200),s.height=r):"link"===t.message&&(r=new URL(s.getAttribute("src")),n=new URL(t.value),c.test(n.protocol))&&n.host===r.host&&l.activeElement===s&&(d.top.location.href=t.value))}},d.addEventListener("message",d.wp.receiveEmbedMessage,!1),l.addEventListener("DOMContentLoaded",function(){for(var e,t,s=l.querySelectorAll("iframe.wp-embedded-content"),r=0;r<s.length;r++)(t=(e=s[r]).getAttribute("data-secret"))||(t=Math.random().toString(36).substring(2,12),e.src+="#?secret="+t,e.setAttribute("data-secret",t)),e.contentWindow.postMessage({message:"ready",secret:t},"*")},!1)))}(window,document);
//# sourceURL=https://chacodiapordia.com/wp-includes/js/wp-embed.min.js
/* ]]> */
</script>

El Museo Malvinas Chaco (Av. Alberdi 2600) fue inaugurado un 10 de junio de 2013 y estuvo cerrado durante la pandemia de Covid19. Finalmente, luego de unas refacciones será puesto en funcionamiento. Su director, Martín Bacs, explicó: “Las actividades que brindamos consisten en visitas guiadas, con la entrega de una carpeta a los docentes que nos visitan. Tenemos un proyecto denominado ‘Educar arraigando soberanía’ y consiste en una serie de actividades que tienen que ver con Malvinas, para que el docente que visite el museo con sus alumnos los haga trabajar y luego, a manera de devolución de lo aprendido, lo vuelquen en maquetas o láminas que tienen que ver con la historia de Malvinas y nuestra soberanía”. “Es importante que las jóvenes generaciones conozcan la historia y tomen conciencia de la importancia geoestratégica de Malvinas y de sus recursos naturales. Invitamos también a todos los ciudadanos para conocer la historia reciente y para que puedan tomar contacto con los testimonios de quienes estuvieron en Malvinas. Es fundamental tener siempre presente a aquellos héroes que no pudieron volver y hoy permanecen en nuestras Islas”, finalizó Bacs. Aunque se trata de un espacio de gestión privada, el gobierno chaqueño, a través del Instituto de Cultura del Chaco, brinda su apoyo. Al respecto, el presidente del Instituto de Cultura, Mario Zorrilla, celebró la inminente reapertura y detalló que desde el Instituto “prestamos colaboración y firmamos algunos convenios, sobre todo para la difusión y para que nuestros estudiantes también puedan conocer este espacio”. Vale recordar que a comienzos de junio el gobernador Lenadro Zdero visitó el Museo y destacó la labor de los ex combatientes para mantener viva la historia. Aseguró que se articularán tareas a través del Ministerio de Educación y Cultura a los efectos de poder acompañar a la institución. “Este espacio es producto del esfuerzo de quienes son nuestros héroes de Malvinas que, además de luchar por la patria, reflejan esta historia aquí donde uno puede verla y palparla.”, dijo Zdero. “Es un honor que mantengan viva esta llama, es un recuerdo de cosas poco felices, pero llevan adelante este trabajo con el orgullo de haber peleado y defendido a nuestro país”, destacó el gobernador. El circuito por el museo incluye el abordaje de la Guerra, la historia de Malvinas, sus descubridores, pobladores, la flora, fauna, los reclamos ante la ONU y el servicio militar. La recorrida subraya la importancia que tuvo y tiene esta guerra dentro de la historia de nuestro país e incluye testimonios de los chaqueños que participaron del conflicto. También cuenta con una muestra de uniformes, armas y objetos que utilizaron los soldados.
