{"version":"1.0","provider_name":"CHACODIAPORDIA.COM","provider_url":"https:\/\/chacodiapordia.com\/en","title":"En Fontana contin\u00faan las refacciones en las Iglesias - CHACODIAPORDIA.COM","type":"rich","width":600,"height":338,"html":"<blockquote class=\"wp-embedded-content\" data-secret=\"AHBeW9K3Ox\"><a href=\"https:\/\/chacodiapordia.com\/en\/en-fontana-continuan-las-refacciones-en-las-iglesias\/\">En Fontana contin\u00faan las refacciones en las Iglesias<\/a><\/blockquote><iframe sandbox=\"allow-scripts\" security=\"restricted\" src=\"https:\/\/chacodiapordia.com\/en\/en-fontana-continuan-las-refacciones-en-las-iglesias\/embed\/#?secret=AHBeW9K3Ox\" width=\"600\" height=\"338\" title=\"&#8220;En Fontana contin\u00faan las refacciones en las Iglesias&#8221; &#8212; CHACODIAPORDIA.COM\" data-secret=\"AHBeW9K3Ox\" frameborder=\"0\" marginwidth=\"0\" marginheight=\"0\" scrolling=\"no\" class=\"wp-embedded-content\"><\/iframe><script type=\"text\/javascript\">\n\/* <![CDATA[ *\/\n\/*! This file is auto-generated *\/\n!function(d,l){\"use strict\";l.querySelector&&d.addEventListener&&\"undefined\"!=typeof URL&&(d.wp=d.wp||{},d.wp.receiveEmbedMessage||(d.wp.receiveEmbedMessage=function(e){var t=e.data;if((t||t.secret||t.message||t.value)&&!\/[^a-zA-Z0-9]\/.test(t.secret)){for(var s,r,n,a=l.querySelectorAll('iframe[data-secret=\"'+t.secret+'\"]'),o=l.querySelectorAll('blockquote[data-secret=\"'+t.secret+'\"]'),c=new RegExp(\"^https?:$\",\"i\"),i=0;i<o.length;i++)o[i].style.display=\"none\";for(i=0;i<a.length;i++)s=a[i],e.source===s.contentWindow&&(s.removeAttribute(\"style\"),\"height\"===t.message?(1e3<(r=parseInt(t.value,10))?r=1e3:~~r<200&&(r=200),s.height=r):\"link\"===t.message&&(r=new URL(s.getAttribute(\"src\")),n=new URL(t.value),c.test(n.protocol))&&n.host===r.host&&l.activeElement===s&&(d.top.location.href=t.value))}},d.addEventListener(\"message\",d.wp.receiveEmbedMessage,!1),l.addEventListener(\"DOMContentLoaded\",function(){for(var e,t,s=l.querySelectorAll(\"iframe.wp-embedded-content\"),r=0;r<s.length;r++)(t=(e=s[r]).getAttribute(\"data-secret\"))||(t=Math.random().toString(36).substring(2,12),e.src+=\"#?secret=\"+t,e.setAttribute(\"data-secret\",t)),e.contentWindow.postMessage({message:\"ready\",secret:t},\"*\")},!1)))}(window,document);\n\/\/# sourceURL=https:\/\/chacodiapordia.com\/wp-includes\/js\/wp-embed.min.js\n\/* ]]> *\/\n<\/script>","thumbnail_url":"https:\/\/chacodiapordia.com\/wp-content\/uploads\/2024\/02\/Gobierno-RefaccionesIglesisFontana.jpg","thumbnail_width":800,"thumbnail_height":561,"description":"En esta oportunidad, se acercaron hasta la Iglesia \u201cPromesas de Fe\u201d, en el Barrio San Pablo.\u201cEstamos acompa\u00f1ando a Fernando Cuadra con esta iniciativa para la comunidad, es muy importante el trabajo que prestan las iglesias, d\u00eda a d\u00eda y la cercan\u00eda que mantienen con la gente y con la necesidad, de primera mano. El gobernador Zdero nos pide siempre que estemos cerca de las necesidades reales de los vecinos y \u00e9sta, es una demanda de la comunidad de hace mucho tiempo, de las peque\u00f1as iglesias donde falta mantenimiento, faltan proyectos puntuales y por eso, nos parece muy importante estar presentes\u201d- se\u00f1al\u00f3 Resico. Por su parte, el ministro de gobierno, Jorge G\u00f3mez, manifest\u00f3: \u201cDesde el gobierno provincial comenzamos por Fontana, en el marco de un trabajo que vamos a seguir en toda la provincia, con refacciones, con obras muy bien recibidas en toda la comunidad y por m\u00e1s que estas obras sean peque\u00f1as o m\u00ednimas la gente siempre se muestra muy agradecida\u201d. Fernando Cuadra: \u201cLas iglesias cumplen un rol pastoral y comunitario muy importante\u201d \u201cEstas inauguraciones muestran la intervenci\u00f3n y la preocupaci\u00f3n de nuestro gobernador Leandro Zdero y la Secretar\u00eda de Cultos de la provincia que colaboraron con las refacciones porque las Iglesias de Fontana realizan una labor pastoral y comunitaria muy importante en los vecinos. Las iglesias brindan un sost\u00e9n espiritual, fundamental en estos tiempos de crisis, porque las familias la est\u00e1n pasando mal, debemos acompa\u00f1arlas y trabajar d\u00eda a d\u00eda, codo a codo&#8221;, concluy\u00f3 Cuadra."}

En Fontana continúan las refacciones en las Iglesias - CHACODIAPORDIA.COM

<blockquote class="wp-embedded-content" data-secret="AHBeW9K3Ox"><a href="https://chacodiapordia.com/en/en-fontana-continuan-las-refacciones-en-las-iglesias/">En Fontana continúan las refacciones en las Iglesias</a></blockquote><iframe sandbox="allow-scripts" security="restricted" src="https://chacodiapordia.com/en/en-fontana-continuan-las-refacciones-en-las-iglesias/embed/#?secret=AHBeW9K3Ox" width="600" height="338" title="&#8220;En Fontana continúan las refacciones en las Iglesias&#8221; &#8212; CHACODIAPORDIA.COM" data-secret="AHBeW9K3Ox" frameborder="0" marginwidth="0" marginheight="0" scrolling="no" class="wp-embedded-content"></iframe><script type="text/javascript">
/* <![CDATA[ */
/*! This file is auto-generated */
!function(d,l){"use strict";l.querySelector&&d.addEventListener&&"undefined"!=typeof URL&&(d.wp=d.wp||{},d.wp.receiveEmbedMessage||(d.wp.receiveEmbedMessage=function(e){var t=e.data;if((t||t.secret||t.message||t.value)&&!/[^a-zA-Z0-9]/.test(t.secret)){for(var s,r,n,a=l.querySelectorAll('iframe[data-secret="'+t.secret+'"]'),o=l.querySelectorAll('blockquote[data-secret="'+t.secret+'"]'),c=new RegExp("^https?:$","i"),i=0;i<o.length;i++)o[i].style.display="none";for(i=0;i<a.length;i++)s=a[i],e.source===s.contentWindow&&(s.removeAttribute("style"),"height"===t.message?(1e3<(r=parseInt(t.value,10))?r=1e3:~~r<200&&(r=200),s.height=r):"link"===t.message&&(r=new URL(s.getAttribute("src")),n=new URL(t.value),c.test(n.protocol))&&n.host===r.host&&l.activeElement===s&&(d.top.location.href=t.value))}},d.addEventListener("message",d.wp.receiveEmbedMessage,!1),l.addEventListener("DOMContentLoaded",function(){for(var e,t,s=l.querySelectorAll("iframe.wp-embedded-content"),r=0;r<s.length;r++)(t=(e=s[r]).getAttribute("data-secret"))||(t=Math.random().toString(36).substring(2,12),e.src+="#?secret="+t,e.setAttribute("data-secret",t)),e.contentWindow.postMessage({message:"ready",secret:t},"*")},!1)))}(window,document);
//# sourceURL=https://chacodiapordia.com/wp-includes/js/wp-embed.min.js
/* ]]> */
</script>

En esta oportunidad, se acercaron hasta la Iglesia “Promesas de Fe”, en el Barrio San Pablo.“Estamos acompañando a Fernando Cuadra con esta iniciativa para la comunidad, es muy importante el trabajo que prestan las iglesias, día a día y la cercanía que mantienen con la gente y con la necesidad, de primera mano. El gobernador Zdero nos pide siempre que estemos cerca de las necesidades reales de los vecinos y ésta, es una demanda de la comunidad de hace mucho tiempo, de las pequeñas iglesias donde falta mantenimiento, faltan proyectos puntuales y por eso, nos parece muy importante estar presentes”- señaló Resico. Por su parte, el ministro de gobierno, Jorge Gómez, manifestó: “Desde el gobierno provincial comenzamos por Fontana, en el marco de un trabajo que vamos a seguir en toda la provincia, con refacciones, con obras muy bien recibidas en toda la comunidad y por más que estas obras sean pequeñas o mínimas la gente siempre se muestra muy agradecida”. Fernando Cuadra: “Las iglesias cumplen un rol pastoral y comunitario muy importante” “Estas inauguraciones muestran la intervención y la preocupación de nuestro gobernador Leandro Zdero y la Secretaría de Cultos de la provincia que colaboraron con las refacciones porque las Iglesias de Fontana realizan una labor pastoral y comunitaria muy importante en los vecinos. Las iglesias brindan un sostén espiritual, fundamental en estos tiempos de crisis, porque las familias la están pasando mal, debemos acompañarlas y trabajar día a día, codo a codo&#8221;, concluyó Cuadra.
