{"version":"1.0","provider_name":"CHACODIAPORDIA.COM","provider_url":"https:\/\/chacodiapordia.com\/en","title":"El trabajo infantil, un delito casi sin prensa - CHACODIAPORDIA.COM","type":"rich","width":600,"height":338,"html":"<blockquote class=\"wp-embedded-content\" data-secret=\"L9Vrujnjkm\"><a href=\"https:\/\/chacodiapordia.com\/en\/el-trabajo-infantil-un-delito-casi-sin-prensa\/\">El trabajo infantil, un delito casi sin prensa<\/a><\/blockquote><iframe sandbox=\"allow-scripts\" security=\"restricted\" src=\"https:\/\/chacodiapordia.com\/en\/el-trabajo-infantil-un-delito-casi-sin-prensa\/embed\/#?secret=L9Vrujnjkm\" width=\"600\" height=\"338\" title=\"&#8220;El trabajo infantil, un delito casi sin prensa&#8221; &#8212; CHACODIAPORDIA.COM\" data-secret=\"L9Vrujnjkm\" frameborder=\"0\" marginwidth=\"0\" marginheight=\"0\" scrolling=\"no\" class=\"wp-embedded-content\"><\/iframe><script type=\"text\/javascript\">\n\/* <![CDATA[ *\/\n\/*! This file is auto-generated *\/\n!function(d,l){\"use strict\";l.querySelector&&d.addEventListener&&\"undefined\"!=typeof URL&&(d.wp=d.wp||{},d.wp.receiveEmbedMessage||(d.wp.receiveEmbedMessage=function(e){var t=e.data;if((t||t.secret||t.message||t.value)&&!\/[^a-zA-Z0-9]\/.test(t.secret)){for(var s,r,n,a=l.querySelectorAll('iframe[data-secret=\"'+t.secret+'\"]'),o=l.querySelectorAll('blockquote[data-secret=\"'+t.secret+'\"]'),c=new RegExp(\"^https?:$\",\"i\"),i=0;i<o.length;i++)o[i].style.display=\"none\";for(i=0;i<a.length;i++)s=a[i],e.source===s.contentWindow&&(s.removeAttribute(\"style\"),\"height\"===t.message?(1e3<(r=parseInt(t.value,10))?r=1e3:~~r<200&&(r=200),s.height=r):\"link\"===t.message&&(r=new URL(s.getAttribute(\"src\")),n=new URL(t.value),c.test(n.protocol))&&n.host===r.host&&l.activeElement===s&&(d.top.location.href=t.value))}},d.addEventListener(\"message\",d.wp.receiveEmbedMessage,!1),l.addEventListener(\"DOMContentLoaded\",function(){for(var e,t,s=l.querySelectorAll(\"iframe.wp-embedded-content\"),r=0;r<s.length;r++)(t=(e=s[r]).getAttribute(\"data-secret\"))||(t=Math.random().toString(36).substring(2,12),e.src+=\"#?secret=\"+t,e.setAttribute(\"data-secret\",t)),e.contentWindow.postMessage({message:\"ready\",secret:t},\"*\")},!1)))}(window,document);\n\/\/# sourceURL=https:\/\/chacodiapordia.com\/wp-includes\/js\/wp-embed.min.js\n\/* ]]> *\/\n<\/script>","thumbnail_url":"https:\/\/chacodiapordia.com\/wp-content\/uploads\/2024\/04\/Pibes.jpg","thumbnail_width":800,"thumbnail_height":600,"description":"Lo &#8220;bueno&#8221; de que un diputado como Alberto Benegas Lynch (La Libertad Avanza) diga aberraciones como la de este domingo, cuando pregon\u00f3 la idea de no mandar a chicos\/as a la escuela y usarlos para trabajar, es que permite hablar de temas subestimados, naturalizados o que tienen poca prensa. El trabajo infantil es un delito. No responde a un acto de libertad como dijo &#8220;Bertie&#8221;, como llaman al legislador, sino a un desastre social dominado por la pobreza que despoja a ni\u00f1os, ni\u00f1as y adolescentes de sus derechos, y del cual el Estado demonizado por los libertarios deber\u00eda ocuparse. Las denuncias penales muestran que el sector agropecuario es el que m\u00e1s explota a menores de 16 a\u00f1os, los somete a tareas riesgosas y los priva &#8211;precisamente&#8211; del derecho a la educaci\u00f3n. Tambi\u00e9n hay muchos casos en talleres textiles. A veces es trata de personas. Reabrir discusiones sobre derechos ya saldadas o generar retrocesos es una pr\u00e1ctica de Javier Milei y sus seguidores. En este caso es algo tan grotesco volver sobre el derecho a la educaci\u00f3n y a no trabajar en la ni\u00f1ez, y fueron tantas las reacciones contra Benegas Lynch, que el Presidente dijo &#8211;como quien busca una postura pol\u00edticamente correcta&#8211; que la frase fue &#8220;absolutamente desafortunada&#8221;. Antes se hab\u00eda diferenciado del diputado la ministra de Capital Humano, Sandra Petovello: &#8220;La educaci\u00f3n obligatoria fue propuesta en el contexto del pensamiento humanista liberal justamente para promover la libertad de los menores tutelados por adultos&#8221;, dijo. Se las arregl\u00f3 para alertar sobre lo que llama &#8220;adoctrinamiento&#8221; en las escuelas. Aunque no alud\u00eda al discurso del Presidente en su excolegio donde a comienzos de marzo lanz\u00f3 una diatriba contra el &#8220;comunismo&#8221;, el &#8220;marxismo&#8221; y la educaci\u00f3n p\u00fablica que &#8220;lava cerebros&#8221;. Lo que muestra que en el fondo todos, aunque acomoden el discurso, piensan parecido. Explotaci\u00f3n infantil La figura que castiga el trabajo infantil fue incorporada al C\u00f3digo Penal en 2013 (art\u00edculo 148 bis) y prev\u00e9 de uno a cuatro a\u00f1os de prisi\u00f3n. No abundan las denuncias ya que los afectados son ni\u00f1as\/os y adolescentes y muchas veces las familias sumidas en la pobreza tambi\u00e9n son v\u00edctimas del mismo trabajo esclavo. Se castiga, dice la norma, a quien &#8220;aprovechare econ\u00f3micamente el trabajo de un ni\u00f1o o ni\u00f1a en violaci\u00f3n de las normas nacionales que proh\u00edben el trabajo infantil, siempre que el hecho no importare un delito m\u00e1s grave&#8221;. Las madres, padres y tutores no son punibles porque suelen estar igualmente sometidos. Entre 2022 y 2023 se abrieron por lo menos 18 causas penales. Algunos ejemplos: en Tucum\u00e1n, contra la empresa Noben SRL, donde usan trabajo infantil para la recolecci\u00f3n de limones; en San Juan La Mednera SRL est\u00e1 denunciada por hacerlo para la cosecha de ajo; y Macheteada Empro SRL, en la cosecha de yerba mate. La Defensor\u00eda de Ni\u00f1os Ni\u00f1as y Adolescentes se present\u00f3 en todas las causas para pedir informes y que las investigaciones no mueran en el camino. Es dif\u00edcil que avancen si no hay una querella que impulse. Hubo dos condenas que ilustran de qu\u00e9 se trata la explotaci\u00f3n laboral de ni\u00f1os\/as. La primera en todo el pa\u00eds fue en 2018: una pareja fue condenada en Santa Fe porque utilizaban a seis ni\u00f1os de entre 12 y 16 a\u00f1os para la recolecci\u00f3n de ar\u00e1ndanos, que fueron encontrados en el lugar &#8211;en Santa Teresa, Villa Constituci\u00f3n&#8211; junto con adultos que tambi\u00e9n trabajaban en una situaci\u00f3n de extrema precariedad. La condena fue a un a\u00f1o y medio de prisi\u00f3n en suspenso. En R\u00edo Cuarto, C\u00f3rdoba, fue condenado a dos a\u00f1os de prisi\u00f3n en suspenso un productor agropecuario que hac\u00eda trabajar a un adolescente de 15 a\u00f1os a la intemperie, con herramientas peligrosas. El fallo dice que se aprovech\u00f3 econ\u00f3micamente. Le dio tareas de &#8220;cortador de pasto, luego cuidar los \u2018guachos\u2019 en la guachera, trabajar con la desmalezadora, sacar rollos con grandes tractores y descargar camiones con cargas de algod\u00f3n y man\u00ed (\u2026) le daba a la familia \u2018la carne\u2019 como alimento a cambio de su trabajo&#8221;. El a\u00f1o pasado se conoci\u00f3 un estudio del Bar\u00f3metro de la Deuda Social de la Infancia de la Universidad Cat\u00f3lica Argentina (UCA) sobre el segundo semestre del 2022 seg\u00fan el cual el trabajo infantil en actividades econ\u00f3micas y dom\u00e9sticas intensivas afecta a casi el 15 por ciento de la poblaci\u00f3n entre los 5 y 17 a\u00f1os en Argentina. Ser\u00edan 1,3 millones de ni\u00f1os, ni\u00f1as y adolescentes. El an\u00e1lisis contempla tanto el trabajo dom\u00e9stico (limpiar, lavar, planchar, cuidar a los hermanos) como el trabajo para ganar dinero. Se\u00f1ala que el trabajo infantil suele quedar asociado con el abandono escolar y provoc\u00f3 en los seis a\u00f1os previos que cuatro de cada diez chicos\/as que trabajaban tuvieran d\u00e9ficit educativo. Sin discusi\u00f3n &#8220;La discusi\u00f3n sobre el trabajo infantil est\u00e1 cerrada. La mayor\u00eda de los pa\u00edses del mundo ratificaron el convenio 138 de la Organizaci\u00f3n Internacional del Trabajo que es el que habla de que los estados se comprometen a abolirlo, lo que no quita todav\u00eda haya explotaci\u00f3n laboral de ni\u00f1as y ni\u00f1os&#8221;, dijo la Defensora de Ni\u00f1os, Ni\u00f1as y Adolescentes, Marisa Graham, a P\u00e1gina\/12. &#8220;Hay que hacer una distinci\u00f3n: una chica\/o que toca el viol\u00edn, una genio que toca de peque\u00f1a, y toca en una filarm\u00f3nica, va a poder tocar siempre y cuando no perturbe sus estudios y la finalizaci\u00f3n de los estudios primarios y secundarios&#8221;. Graham pone especial acento en la educaci\u00f3n: &#8220;Las ni\u00f1as y ni\u00f1os tienen derecho a no trabajar y tienen derecho a ir a la escuela, no solo a educarse sino a socializar y forjarse una vida digna. El aprendizaje es un proceso colectivo, no individual. La vida escolar como la universitaria es algo m\u00e1s que aprender cosas de memoria. Por eso defensores sostenemos firmemente derecho que tienen no solo a estudiar sino de ir a la escuela con sus pares&#8221;. Recuerda, adem\u00e1s, que &#8220;el derecho a la Educaci\u00f3n est\u00e1 establecido en la Convenci\u00f3n sobre los Derechos del Ni\u00f1o ratificada por Argentina y en otros instrumentos internacionales&#8221;. Contra la afirmaci\u00f3n de Benegas Lynch afirma:"}

Lo &#8220;bueno&#8221; de que un diputado como Alberto Benegas Lynch (La Libertad Avanza) diga aberraciones como la de este domingo, cuando pregonó la idea de no mandar a chicos/as a la escuela y usarlos para trabajar, es que permite hablar de temas subestimados, naturalizados o que tienen poca prensa. El trabajo infantil es un delito. No responde a un acto de libertad como dijo &#8220;Bertie&#8221;, como llaman al legislador, sino a un desastre social dominado por la pobreza que despoja a niños, niñas y adolescentes de sus derechos, y del cual el Estado demonizado por los libertarios debería ocuparse. Las denuncias penales muestran que el sector agropecuario es el que más explota a menores de 16 años, los somete a tareas riesgosas y los priva &#8211;precisamente&#8211; del derecho a la educación. También hay muchos casos en talleres textiles. A veces es trata de personas. Reabrir discusiones sobre derechos ya saldadas o generar retrocesos es una práctica de Javier Milei y sus seguidores. En este caso es algo tan grotesco volver sobre el derecho a la educación y a no trabajar en la niñez, y fueron tantas las reacciones contra Benegas Lynch, que el Presidente dijo &#8211;como quien busca una postura políticamente correcta&#8211; que la frase fue &#8220;absolutamente desafortunada&#8221;. Antes se había diferenciado del diputado la ministra de Capital Humano, Sandra Petovello: &#8220;La educación obligatoria fue propuesta en el contexto del pensamiento humanista liberal justamente para promover la libertad de los menores tutelados por adultos&#8221;, dijo. Se las arregló para alertar sobre lo que llama &#8220;adoctrinamiento&#8221; en las escuelas. Aunque no aludía al discurso del Presidente en su excolegio donde a comienzos de marzo lanzó una diatriba contra el &#8220;comunismo&#8221;, el &#8220;marxismo&#8221; y la educación pública que &#8220;lava cerebros&#8221;. Lo que muestra que en el fondo todos, aunque acomoden el discurso, piensan parecido. Explotación infantil La figura que castiga el trabajo infantil fue incorporada al Código Penal en 2013 (artículo 148 bis) y prevé de uno a cuatro años de prisión. No abundan las denuncias ya que los afectados son niñas/os y adolescentes y muchas veces las familias sumidas en la pobreza también son víctimas del mismo trabajo esclavo. Se castiga, dice la norma, a quien &#8220;aprovechare económicamente el trabajo de un niño o niña en violación de las normas nacionales que prohíben el trabajo infantil, siempre que el hecho no importare un delito más grave&#8221;. Las madres, padres y tutores no son punibles porque suelen estar igualmente sometidos. Entre 2022 y 2023 se abrieron por lo menos 18 causas penales. Algunos ejemplos: en Tucumán, contra la empresa Noben SRL, donde usan trabajo infantil para la recolección de limones; en San Juan La Mednera SRL está denunciada por hacerlo para la cosecha de ajo; y Macheteada Empro SRL, en la cosecha de yerba mate. La Defensoría de Niños Niñas y Adolescentes se presentó en todas las causas para pedir informes y que las investigaciones no mueran en el camino. Es difícil que avancen si no hay una querella que impulse. Hubo dos condenas que ilustran de qué se trata la explotación laboral de niños/as. La primera en todo el país fue en 2018: una pareja fue condenada en Santa Fe porque utilizaban a seis niños de entre 12 y 16 años para la recolección de arándanos, que fueron encontrados en el lugar &#8211;en Santa Teresa, Villa Constitución&#8211; junto con adultos que también trabajaban en una situación de extrema precariedad. La condena fue a un año y medio de prisión en suspenso. En Río Cuarto, Córdoba, fue condenado a dos años de prisión en suspenso un productor agropecuario que hacía trabajar a un adolescente de 15 años a la intemperie, con herramientas peligrosas. El fallo dice que se aprovechó económicamente. Le dio tareas de &#8220;cortador de pasto, luego cuidar los ‘guachos’ en la guachera, trabajar con la desmalezadora, sacar rollos con grandes tractores y descargar camiones con cargas de algodón y maní (…) le daba a la familia ‘la carne’ como alimento a cambio de su trabajo&#8221;. El año pasado se conoció un estudio del Barómetro de la Deuda Social de la Infancia de la Universidad Católica Argentina (UCA) sobre el segundo semestre del 2022 según el cual el trabajo infantil en actividades económicas y domésticas intensivas afecta a casi el 15 por ciento de la población entre los 5 y 17 años en Argentina. Serían 1,3 millones de niños, niñas y adolescentes. El análisis contempla tanto el trabajo doméstico (limpiar, lavar, planchar, cuidar a los hermanos) como el trabajo para ganar dinero. Señala que el trabajo infantil suele quedar asociado con el abandono escolar y provocó en los seis años previos que cuatro de cada diez chicos/as que trabajaban tuvieran déficit educativo. Sin discusión &#8220;La discusión sobre el trabajo infantil está cerrada. La mayoría de los países del mundo ratificaron el convenio 138 de la Organización Internacional del Trabajo que es el que habla de que los estados se comprometen a abolirlo, lo que no quita todavía haya explotación laboral de niñas y niños&#8221;, dijo la Defensora de Niños, Niñas y Adolescentes, Marisa Graham, a Página/12. &#8220;Hay que hacer una distinción: una chica/o que toca el violín, una genio que toca de pequeña, y toca en una filarmónica, va a poder tocar siempre y cuando no perturbe sus estudios y la finalización de los estudios primarios y secundarios&#8221;. Graham pone especial acento en la educación: &#8220;Las niñas y niños tienen derecho a no trabajar y tienen derecho a ir a la escuela, no solo a educarse sino a socializar y forjarse una vida digna. El aprendizaje es un proceso colectivo, no individual. La vida escolar como la universitaria es algo más que aprender cosas de memoria. Por eso defensores sostenemos firmemente derecho que tienen no solo a estudiar sino de ir a la escuela con sus pares&#8221;. Recuerda, además, que &#8220;el derecho a la Educación está establecido en la Convención sobre los Derechos del Niño ratificada por Argentina y en otros instrumentos internacionales&#8221;. Contra la afirmación de Benegas Lynch afirma:
