{"version":"1.0","provider_name":"CHACODIAPORDIA.COM","provider_url":"https:\/\/chacodiapordia.com\/en","title":"El gobierno provincial recibi\u00f3 a empresarios brasile\u00f1os - CHACODIAPORDIA.COM","type":"rich","width":600,"height":338,"html":"<blockquote class=\"wp-embedded-content\" data-secret=\"C1ViqtaVQd\"><a href=\"https:\/\/chacodiapordia.com\/en\/el-gobierno-provincial-recibio-a-empresarios-brasilenos\/\">El gobierno provincial recibi\u00f3 a empresarios brasile\u00f1os<\/a><\/blockquote><iframe sandbox=\"allow-scripts\" security=\"restricted\" src=\"https:\/\/chacodiapordia.com\/en\/el-gobierno-provincial-recibio-a-empresarios-brasilenos\/embed\/#?secret=C1ViqtaVQd\" width=\"600\" height=\"338\" title=\"&#8220;El gobierno provincial recibi\u00f3 a empresarios brasile\u00f1os&#8221; &#8212; CHACODIAPORDIA.COM\" data-secret=\"C1ViqtaVQd\" frameborder=\"0\" marginwidth=\"0\" marginheight=\"0\" scrolling=\"no\" class=\"wp-embedded-content\"><\/iframe><script type=\"text\/javascript\">\n\/* <![CDATA[ *\/\n\/*! This file is auto-generated *\/\n!function(d,l){\"use strict\";l.querySelector&&d.addEventListener&&\"undefined\"!=typeof URL&&(d.wp=d.wp||{},d.wp.receiveEmbedMessage||(d.wp.receiveEmbedMessage=function(e){var t=e.data;if((t||t.secret||t.message||t.value)&&!\/[^a-zA-Z0-9]\/.test(t.secret)){for(var s,r,n,a=l.querySelectorAll('iframe[data-secret=\"'+t.secret+'\"]'),o=l.querySelectorAll('blockquote[data-secret=\"'+t.secret+'\"]'),c=new RegExp(\"^https?:$\",\"i\"),i=0;i<o.length;i++)o[i].style.display=\"none\";for(i=0;i<a.length;i++)s=a[i],e.source===s.contentWindow&&(s.removeAttribute(\"style\"),\"height\"===t.message?(1e3<(r=parseInt(t.value,10))?r=1e3:~~r<200&&(r=200),s.height=r):\"link\"===t.message&&(r=new URL(s.getAttribute(\"src\")),n=new URL(t.value),c.test(n.protocol))&&n.host===r.host&&l.activeElement===s&&(d.top.location.href=t.value))}},d.addEventListener(\"message\",d.wp.receiveEmbedMessage,!1),l.addEventListener(\"DOMContentLoaded\",function(){for(var e,t,s=l.querySelectorAll(\"iframe.wp-embedded-content\"),r=0;r<s.length;r++)(t=(e=s[r]).getAttribute(\"data-secret\"))||(t=Math.random().toString(36).substring(2,12),e.src+=\"#?secret=\"+t,e.setAttribute(\"data-secret\",t)),e.contentWindow.postMessage({message:\"ready\",secret:t},\"*\")},!1)))}(window,document);\n\/\/# sourceURL=https:\/\/chacodiapordia.com\/wp-includes\/js\/wp-embed.min.js\n\/* ]]> *\/\n<\/script>","thumbnail_url":"https:\/\/chacodiapordia.com\/wp-content\/uploads\/2024\/02\/Empresarios.jpg","thumbnail_width":800,"thumbnail_height":600,"description":"En la reuni\u00f3n se estudi\u00f3 la posibilidad de trabajar con bonos de carbono, los cuales son un mecanismo internacional de descontaminaci\u00f3n para reducir las emisiones contaminantes al medio ambiente. Adem\u00e1s, se estudiaron propuestas para trabajar en relaci\u00f3n a los Puertos y con la empresa El Colono. Luego del encuentro, el grupo empresario continu\u00f3 con una recorrida por los puertos de Barranqueras y de las Palmas. \u201cSiempre que haya inversi\u00f3n y esta redunde en beneficios para los chaque\u00f1os vamos a estar acompa\u00f1ando\u201d, indic\u00f3 Guti\u00e9rrez y agreg\u00f3 \u201cles contamos cuales son nuestras propuestas y como tratamos los temas relacionados al cambio clim\u00e1tico y aprovechamos para mostrarle los proyectos de ley que tiene la provincia para ser tratados respecto a estos temas\u201d. Por otro lado, el secretario Guti\u00e9rrez, indic\u00f3 que la idea de la reuni\u00f3n fue la de \u201ctratar de buscar la potencialidad productiva que tiene la provincia del Chaco y sostener al sector privado que necesita tambi\u00e9n del esfuerzo estatal para poder generar las v\u00edas de infraestructura para poder sacar la producci\u00f3n al menor costo posible\u201d. Participaron, adem\u00e1s, la representante del \u00e1rea Puerto de Barranqueras, Alicia Azula; el presidente de la empresa Colono Compa\u00f1\u00eda Log\u00edstica del Norte, Fernando Molina, el consultor, Diego Gim\u00e9nez y el representante de la firma, Mauricio Baptista. El arquitecto Gim\u00e9nez cont\u00f3 que la idea es tener una relaci\u00f3n p\u00fablico &#8211; privada para traer a la provincia del Chaco inversiones. \u201cSe trata de gente que trabaja en distintas actividades y que tienen un especial inter\u00e9s en lo relacionado al trabajo operativo del Puerto de Barranqueras y de Las Palmas\u201d. Asimismo, Baptista explic\u00f3: \u201cSomos una empresa constructora dedicada a ayudar a desarrollar fuentes de propuestas que fomenten el desarrollo privado y que beneficie el desarrollo de las provincias\u201d."}

El gobierno provincial recibió a empresarios brasileños - CHACODIAPORDIA.COM

<blockquote class="wp-embedded-content" data-secret="C1ViqtaVQd"><a href="https://chacodiapordia.com/en/el-gobierno-provincial-recibio-a-empresarios-brasilenos/">El gobierno provincial recibió a empresarios brasileños</a></blockquote><iframe sandbox="allow-scripts" security="restricted" src="https://chacodiapordia.com/en/el-gobierno-provincial-recibio-a-empresarios-brasilenos/embed/#?secret=C1ViqtaVQd" width="600" height="338" title="&#8220;El gobierno provincial recibió a empresarios brasileños&#8221; &#8212; CHACODIAPORDIA.COM" data-secret="C1ViqtaVQd" frameborder="0" marginwidth="0" marginheight="0" scrolling="no" class="wp-embedded-content"></iframe><script type="text/javascript">
/* <![CDATA[ */
/*! This file is auto-generated */
!function(d,l){"use strict";l.querySelector&&d.addEventListener&&"undefined"!=typeof URL&&(d.wp=d.wp||{},d.wp.receiveEmbedMessage||(d.wp.receiveEmbedMessage=function(e){var t=e.data;if((t||t.secret||t.message||t.value)&&!/[^a-zA-Z0-9]/.test(t.secret)){for(var s,r,n,a=l.querySelectorAll('iframe[data-secret="'+t.secret+'"]'),o=l.querySelectorAll('blockquote[data-secret="'+t.secret+'"]'),c=new RegExp("^https?:$","i"),i=0;i<o.length;i++)o[i].style.display="none";for(i=0;i<a.length;i++)s=a[i],e.source===s.contentWindow&&(s.removeAttribute("style"),"height"===t.message?(1e3<(r=parseInt(t.value,10))?r=1e3:~~r<200&&(r=200),s.height=r):"link"===t.message&&(r=new URL(s.getAttribute("src")),n=new URL(t.value),c.test(n.protocol))&&n.host===r.host&&l.activeElement===s&&(d.top.location.href=t.value))}},d.addEventListener("message",d.wp.receiveEmbedMessage,!1),l.addEventListener("DOMContentLoaded",function(){for(var e,t,s=l.querySelectorAll("iframe.wp-embedded-content"),r=0;r<s.length;r++)(t=(e=s[r]).getAttribute("data-secret"))||(t=Math.random().toString(36).substring(2,12),e.src+="#?secret="+t,e.setAttribute("data-secret",t)),e.contentWindow.postMessage({message:"ready",secret:t},"*")},!1)))}(window,document);
//# sourceURL=https://chacodiapordia.com/wp-includes/js/wp-embed.min.js
/* ]]> */
</script>

En la reunión se estudió la posibilidad de trabajar con bonos de carbono, los cuales son un mecanismo internacional de descontaminación para reducir las emisiones contaminantes al medio ambiente. Además, se estudiaron propuestas para trabajar en relación a los Puertos y con la empresa El Colono. Luego del encuentro, el grupo empresario continuó con una recorrida por los puertos de Barranqueras y de las Palmas. “Siempre que haya inversión y esta redunde en beneficios para los chaqueños vamos a estar acompañando”, indicó Gutiérrez y agregó “les contamos cuales son nuestras propuestas y como tratamos los temas relacionados al cambio climático y aprovechamos para mostrarle los proyectos de ley que tiene la provincia para ser tratados respecto a estos temas”. Por otro lado, el secretario Gutiérrez, indicó que la idea de la reunión fue la de “tratar de buscar la potencialidad productiva que tiene la provincia del Chaco y sostener al sector privado que necesita también del esfuerzo estatal para poder generar las vías de infraestructura para poder sacar la producción al menor costo posible”. Participaron, además, la representante del área Puerto de Barranqueras, Alicia Azula; el presidente de la empresa Colono Compañía Logística del Norte, Fernando Molina, el consultor, Diego Giménez y el representante de la firma, Mauricio Baptista. El arquitecto Giménez contó que la idea es tener una relación público &#8211; privada para traer a la provincia del Chaco inversiones. “Se trata de gente que trabaja en distintas actividades y que tienen un especial interés en lo relacionado al trabajo operativo del Puerto de Barranqueras y de Las Palmas”. Asimismo, Baptista explicó: “Somos una empresa constructora dedicada a ayudar a desarrollar fuentes de propuestas que fomenten el desarrollo privado y que beneficie el desarrollo de las provincias”.
