{"version":"1.0","provider_name":"CHACODIAPORDIA.COM","provider_url":"https:\/\/chacodiapordia.com\/en","title":"El Gobierno Provincial paga el 'refrigerio' este viernes - CHACODIAPORDIA.COM","type":"rich","width":600,"height":338,"html":"<blockquote class=\"wp-embedded-content\" data-secret=\"BNP2tx5Gck\"><a href=\"https:\/\/chacodiapordia.com\/en\/el-gobierno-provincial-paga-el-refrigerio-este-viernes\/\">El Gobierno Provincial paga el &#8216;refrigerio&#8217; este viernes<\/a><\/blockquote><iframe sandbox=\"allow-scripts\" security=\"restricted\" src=\"https:\/\/chacodiapordia.com\/en\/el-gobierno-provincial-paga-el-refrigerio-este-viernes\/embed\/#?secret=BNP2tx5Gck\" width=\"600\" height=\"338\" title=\"&#8220;El Gobierno Provincial paga el &#8216;refrigerio&#8217; este viernes&#8221; &#8212; CHACODIAPORDIA.COM\" data-secret=\"BNP2tx5Gck\" frameborder=\"0\" marginwidth=\"0\" marginheight=\"0\" scrolling=\"no\" class=\"wp-embedded-content\"><\/iframe><script type=\"text\/javascript\">\n\/* <![CDATA[ *\/\n\/*! This file is auto-generated *\/\n!function(d,l){\"use strict\";l.querySelector&&d.addEventListener&&\"undefined\"!=typeof URL&&(d.wp=d.wp||{},d.wp.receiveEmbedMessage||(d.wp.receiveEmbedMessage=function(e){var t=e.data;if((t||t.secret||t.message||t.value)&&!\/[^a-zA-Z0-9]\/.test(t.secret)){for(var s,r,n,a=l.querySelectorAll('iframe[data-secret=\"'+t.secret+'\"]'),o=l.querySelectorAll('blockquote[data-secret=\"'+t.secret+'\"]'),c=new RegExp(\"^https?:$\",\"i\"),i=0;i<o.length;i++)o[i].style.display=\"none\";for(i=0;i<a.length;i++)s=a[i],e.source===s.contentWindow&&(s.removeAttribute(\"style\"),\"height\"===t.message?(1e3<(r=parseInt(t.value,10))?r=1e3:~~r<200&&(r=200),s.height=r):\"link\"===t.message&&(r=new URL(s.getAttribute(\"src\")),n=new URL(t.value),c.test(n.protocol))&&n.host===r.host&&l.activeElement===s&&(d.top.location.href=t.value))}},d.addEventListener(\"message\",d.wp.receiveEmbedMessage,!1),l.addEventListener(\"DOMContentLoaded\",function(){for(var e,t,s=l.querySelectorAll(\"iframe.wp-embedded-content\"),r=0;r<s.length;r++)(t=(e=s[r]).getAttribute(\"data-secret\"))||(t=Math.random().toString(36).substring(2,12),e.src+=\"#?secret=\"+t,e.setAttribute(\"data-secret\",t)),e.contentWindow.postMessage({message:\"ready\",secret:t},\"*\")},!1)))}(window,document);\n\/\/# sourceURL=https:\/\/chacodiapordia.com\/wp-includes\/js\/wp-embed.min.js\n\/* ]]> *\/\n<\/script>","thumbnail_url":"https:\/\/chacodiapordia.com\/wp-content\/uploads\/2024\/04\/18-04-24-pago.jpg","thumbnail_width":800,"thumbnail_height":598,"description":"\u201cEste viernes, por la tarde, estar\u00e1 acreditado el Refrigerio para todos los empleados p\u00fablicos, lo que representa un esfuerzo muy grande para el Gobierno provincial, m\u00e1s teniendo en cuenta la situaci\u00f3n econ\u00f3mica en la que estamos inmersos.&nbsp; Con orden y transparencia, como pidi\u00f3 el gobernador (Leandro) Zdero, podemos cumplir con el cronograma de pagos\u201d, se\u00f1al\u00f3 Sebasti\u00e1n Villalonga, subsecretario de Hacienda. Asimismo, el subsecretario de Hacienda precis\u00f3 que el Gobierno provincial destinar\u00e1 cerca de $1.400 millones para hacer frente al pago del Refrigerio, que beneficia a los trabajadores activos de la Provincia."}

“Este viernes, por la tarde, estará acreditado el Refrigerio para todos los empleados públicos, lo que representa un esfuerzo muy grande para el Gobierno provincial, más teniendo en cuenta la situación económica en la que estamos inmersos.&nbsp; Con orden y transparencia, como pidió el gobernador (Leandro) Zdero, podemos cumplir con el cronograma de pagos”, señaló Sebastián Villalonga, subsecretario de Hacienda. Asimismo, el subsecretario de Hacienda precisó que el Gobierno provincial destinará cerca de $1.400 millones para hacer frente al pago del Refrigerio, que beneficia a los trabajadores activos de la Provincia.
