{"version":"1.0","provider_name":"CHACODIAPORDIA.COM","provider_url":"https:\/\/chacodiapordia.com\/en","title":"A los 88 a\u00f1os, internaron a Luis Landriscina - CHACODIAPORDIA.COM","type":"rich","width":600,"height":338,"html":"<blockquote class=\"wp-embedded-content\" data-secret=\"KIyOwc0jny\"><a href=\"https:\/\/chacodiapordia.com\/en\/a-los-88-anos-internaron-a-luis-landriscina\/\">A los 88 a\u00f1os, internaron a Luis Landriscina<\/a><\/blockquote><iframe sandbox=\"allow-scripts\" security=\"restricted\" src=\"https:\/\/chacodiapordia.com\/en\/a-los-88-anos-internaron-a-luis-landriscina\/embed\/#?secret=KIyOwc0jny\" width=\"600\" height=\"338\" title=\"&#8220;A los 88 a\u00f1os, internaron a Luis Landriscina&#8221; &#8212; CHACODIAPORDIA.COM\" data-secret=\"KIyOwc0jny\" frameborder=\"0\" marginwidth=\"0\" marginheight=\"0\" scrolling=\"no\" class=\"wp-embedded-content\"><\/iframe><script type=\"text\/javascript\">\n\/* <![CDATA[ *\/\n\/*! This file is auto-generated *\/\n!function(d,l){\"use strict\";l.querySelector&&d.addEventListener&&\"undefined\"!=typeof URL&&(d.wp=d.wp||{},d.wp.receiveEmbedMessage||(d.wp.receiveEmbedMessage=function(e){var t=e.data;if((t||t.secret||t.message||t.value)&&!\/[^a-zA-Z0-9]\/.test(t.secret)){for(var s,r,n,a=l.querySelectorAll('iframe[data-secret=\"'+t.secret+'\"]'),o=l.querySelectorAll('blockquote[data-secret=\"'+t.secret+'\"]'),c=new RegExp(\"^https?:$\",\"i\"),i=0;i<o.length;i++)o[i].style.display=\"none\";for(i=0;i<a.length;i++)s=a[i],e.source===s.contentWindow&&(s.removeAttribute(\"style\"),\"height\"===t.message?(1e3<(r=parseInt(t.value,10))?r=1e3:~~r<200&&(r=200),s.height=r):\"link\"===t.message&&(r=new URL(s.getAttribute(\"src\")),n=new URL(t.value),c.test(n.protocol))&&n.host===r.host&&l.activeElement===s&&(d.top.location.href=t.value))}},d.addEventListener(\"message\",d.wp.receiveEmbedMessage,!1),l.addEventListener(\"DOMContentLoaded\",function(){for(var e,t,s=l.querySelectorAll(\"iframe.wp-embedded-content\"),r=0;r<s.length;r++)(t=(e=s[r]).getAttribute(\"data-secret\"))||(t=Math.random().toString(36).substring(2,12),e.src+=\"#?secret=\"+t,e.setAttribute(\"data-secret\",t)),e.contentWindow.postMessage({message:\"ready\",secret:t},\"*\")},!1)))}(window,document);\n\/\/# sourceURL=https:\/\/chacodiapordia.com\/wp-includes\/js\/wp-embed.min.js\n\/* ]]> *\/\n<\/script>","thumbnail_url":"https:\/\/chacodiapordia.com\/wp-content\/uploads\/2024\/06\/landriscinazz-e1723145458257.jpg","thumbnail_width":800,"thumbnail_height":541,"description":"Luis Landriscina est\u00e1 internado en la Fundaci\u00f3n Favaloro por una afecci\u00f3n card\u00edaca. El legendario humorista de 88 a\u00f1os fue ingresado a la instituci\u00f3n m\u00e9dica para realizarse estudios coronarios, seg\u00fan confirm\u00f3 su esposa Guadalupe Mancebo, quienes llevan casados m\u00e1s de 60 a\u00f1os. Fue el periodista Fede Flowers quien lo anunci\u00f3 a trav\u00e9s de su cuenta de X (antes conocida como Twitter). \u201c\u00daltimo momento. Luis Landriscina ahora internado en la Cl\u00ednica Favaloro\u201d, fueron las primeras l\u00edneas del posteo en la red social que acompa\u00f1\u00f3 con una fotograf\u00eda del cuentista chaque\u00f1o. \u201cSu esposa Guadalupe Mancebo me lo confirm\u00f3: \u2018en este momento le est\u00e1n haciendo y resolviendo estudios coronarios\u2019\u201d. Por el momento, no se emitieron comunicados m\u00e9dicos y se desconocen detalles sobre la evoluci\u00f3n del humorista. Se espera que en las pr\u00f3ximas horas, el centro m\u00e9dico porte\u00f1o saque un parte con precisi\u00f3n sobre su estado de salud. Adem\u00e1s de su profesi\u00f3n de actor, Luis se ha destacado por su particular forma de recitar cuentos basados en los usos y costumbres regionales del pa\u00eds. Hijo de inmigrantes italianos, Landriscina naci\u00f3 en Chaco el 19 de diciembre de 1935, aunque de muy peque\u00f1o se mud\u00f3 con su familia a Santa Fe, donde desarroll\u00f3 gran parte de su vida. Con una memoria prodigiosa y palabras que llegan al coraz\u00f3n, es considerado \u201cel pr\u00f3cer del humor argentino\u201d. Sus cuentos relatados alcanzan distintas generaciones y conectan con lo m\u00e1s aut\u00f3ctono de nuestra tradici\u00f3n. Una vida plagada de reconocimientosGanador de innumerables premios y con una vitrina plagada de galardones, honores y distinciones de todo tipo, en 2022 se public\u00f3 un libro que recorre su vida. Desde el 27 de enero de ese mismo a\u00f1o, su estatua est\u00e1 en el Paseo de las Esculturas de Cosqu\u00edn. Desde ese d\u00eda, pas\u00f3 a formar parte del homenaje a grandes figuras de la cultura folkl\u00f3rica nacional cuyas im\u00e1genes est\u00e1n representadas en ese lugar donde est\u00e1n tambi\u00e9n las im\u00e1genes de notables figuras como Atahualpa Yupanqui, Horacio Guaran\u00ed, Mercedes Sosa, Jorge Cafrune y Hern\u00e1n Figueroa Reyes. Adem\u00e1s, fue homenajeado por el Senado argentino, y en noviembre de 2006 le fue otorgado el t\u00edtulo de Doctor Honoris causa de la Universidad Nacional del Nordeste (UNNE), en tanto que en el a\u00f1o 2014 la Universidad de Concepci\u00f3n del Uruguay le entreg\u00f3 el t\u00edtulo de \u201cMaestro Difusor de las Culturas Regionales\u201d. En 2014 fue declarado \u201cCiudadano Ilustre de Buenos Aires\u201d, y la Legislatura del Chaco fij\u00f3 el 19 de diciembre (fecha de su natalicio) como \u201cD\u00eda del Narrador Oral Chaque\u00f1o\u201d. El humorista tambi\u00e9n se alz\u00f3 con el Mart\u00edn Fierro, en dos oportunidades. El segundo (por su trayectoria en radio), en octubre de 2016. Fue un momento emocionante en el que todo un auditorio en el Hotel Hilton lo aplaudi\u00f3 de pie. \u201cCuando escuch\u00e1bamos las voces imagin\u00e1bamos los rostros. La radio en el interior ha tenido una importancia que nadie imagina. Ten\u00edamos dos formas de comunicarnos con el mundo: el tren y la radio\u201d, record\u00f3 durante su discurso, en el cual se refiri\u00f3 a su infancia y a las formas de comunicaci\u00f3n que hab\u00eda en la ciudad y en el campo. Fuente: Teleshow"}

A los 88 años, internaron a Luis Landriscina - CHACODIAPORDIA.COM

<blockquote class="wp-embedded-content" data-secret="KIyOwc0jny"><a href="https://chacodiapordia.com/en/a-los-88-anos-internaron-a-luis-landriscina/">A los 88 años, internaron a Luis Landriscina</a></blockquote><iframe sandbox="allow-scripts" security="restricted" src="https://chacodiapordia.com/en/a-los-88-anos-internaron-a-luis-landriscina/embed/#?secret=KIyOwc0jny" width="600" height="338" title="&#8220;A los 88 años, internaron a Luis Landriscina&#8221; &#8212; CHACODIAPORDIA.COM" data-secret="KIyOwc0jny" frameborder="0" marginwidth="0" marginheight="0" scrolling="no" class="wp-embedded-content"></iframe><script type="text/javascript">
/* <![CDATA[ */
/*! This file is auto-generated */
!function(d,l){"use strict";l.querySelector&&d.addEventListener&&"undefined"!=typeof URL&&(d.wp=d.wp||{},d.wp.receiveEmbedMessage||(d.wp.receiveEmbedMessage=function(e){var t=e.data;if((t||t.secret||t.message||t.value)&&!/[^a-zA-Z0-9]/.test(t.secret)){for(var s,r,n,a=l.querySelectorAll('iframe[data-secret="'+t.secret+'"]'),o=l.querySelectorAll('blockquote[data-secret="'+t.secret+'"]'),c=new RegExp("^https?:$","i"),i=0;i<o.length;i++)o[i].style.display="none";for(i=0;i<a.length;i++)s=a[i],e.source===s.contentWindow&&(s.removeAttribute("style"),"height"===t.message?(1e3<(r=parseInt(t.value,10))?r=1e3:~~r<200&&(r=200),s.height=r):"link"===t.message&&(r=new URL(s.getAttribute("src")),n=new URL(t.value),c.test(n.protocol))&&n.host===r.host&&l.activeElement===s&&(d.top.location.href=t.value))}},d.addEventListener("message",d.wp.receiveEmbedMessage,!1),l.addEventListener("DOMContentLoaded",function(){for(var e,t,s=l.querySelectorAll("iframe.wp-embedded-content"),r=0;r<s.length;r++)(t=(e=s[r]).getAttribute("data-secret"))||(t=Math.random().toString(36).substring(2,12),e.src+="#?secret="+t,e.setAttribute("data-secret",t)),e.contentWindow.postMessage({message:"ready",secret:t},"*")},!1)))}(window,document);
//# sourceURL=https://chacodiapordia.com/wp-includes/js/wp-embed.min.js
/* ]]> */
</script>

Luis Landriscina está internado en la Fundación Favaloro por una afección cardíaca. El legendario humorista de 88 años fue ingresado a la institución médica para realizarse estudios coronarios, según confirmó su esposa Guadalupe Mancebo, quienes llevan casados más de 60 años. Fue el periodista Fede Flowers quien lo anunció a través de su cuenta de X (antes conocida como Twitter). “Último momento. Luis Landriscina ahora internado en la Clínica Favaloro”, fueron las primeras líneas del posteo en la red social que acompañó con una fotografía del cuentista chaqueño. “Su esposa Guadalupe Mancebo me lo confirmó: ‘en este momento le están haciendo y resolviendo estudios coronarios’”. Por el momento, no se emitieron comunicados médicos y se desconocen detalles sobre la evolución del humorista. Se espera que en las próximas horas, el centro médico porteño saque un parte con precisión sobre su estado de salud. Además de su profesión de actor, Luis se ha destacado por su particular forma de recitar cuentos basados en los usos y costumbres regionales del país. Hijo de inmigrantes italianos, Landriscina nació en Chaco el 19 de diciembre de 1935, aunque de muy pequeño se mudó con su familia a Santa Fe, donde desarrolló gran parte de su vida. Con una memoria prodigiosa y palabras que llegan al corazón, es considerado “el prócer del humor argentino”. Sus cuentos relatados alcanzan distintas generaciones y conectan con lo más autóctono de nuestra tradición. Una vida plagada de reconocimientosGanador de innumerables premios y con una vitrina plagada de galardones, honores y distinciones de todo tipo, en 2022 se publicó un libro que recorre su vida. Desde el 27 de enero de ese mismo año, su estatua está en el Paseo de las Esculturas de Cosquín. Desde ese día, pasó a formar parte del homenaje a grandes figuras de la cultura folklórica nacional cuyas imágenes están representadas en ese lugar donde están también las imágenes de notables figuras como Atahualpa Yupanqui, Horacio Guaraní, Mercedes Sosa, Jorge Cafrune y Hernán Figueroa Reyes. Además, fue homenajeado por el Senado argentino, y en noviembre de 2006 le fue otorgado el título de Doctor Honoris causa de la Universidad Nacional del Nordeste (UNNE), en tanto que en el año 2014 la Universidad de Concepción del Uruguay le entregó el título de “Maestro Difusor de las Culturas Regionales”. En 2014 fue declarado “Ciudadano Ilustre de Buenos Aires”, y la Legislatura del Chaco fijó el 19 de diciembre (fecha de su natalicio) como “Día del Narrador Oral Chaqueño”. El humorista también se alzó con el Martín Fierro, en dos oportunidades. El segundo (por su trayectoria en radio), en octubre de 2016. Fue un momento emocionante en el que todo un auditorio en el Hotel Hilton lo aplaudió de pie. “Cuando escuchábamos las voces imaginábamos los rostros. La radio en el interior ha tenido una importancia que nadie imagina. Teníamos dos formas de comunicarnos con el mundo: el tren y la radio”, recordó durante su discurso, en el cual se refirió a su infancia y a las formas de comunicación que había en la ciudad y en el campo. Fuente: Teleshow
