{"version":"1.0","provider_name":"CHACODIAPORDIA.COM","provider_url":"https:\/\/chacodiapordia.com\/en","title":"1\u00ba de Mayo: D\u00eda de lucha y solidaridad - CHACODIAPORDIA.COM","type":"rich","width":600,"height":338,"html":"<blockquote class=\"wp-embedded-content\" data-secret=\"kYdghezUgj\"><a href=\"https:\/\/chacodiapordia.com\/en\/1o-de-mayo-dia-de-lucha-y-solidaridad\/\">1\u00ba de Mayo: D\u00eda de lucha y solidaridad<\/a><\/blockquote><iframe sandbox=\"allow-scripts\" security=\"restricted\" src=\"https:\/\/chacodiapordia.com\/en\/1o-de-mayo-dia-de-lucha-y-solidaridad\/embed\/#?secret=kYdghezUgj\" width=\"600\" height=\"338\" title=\"&#8220;1\u00ba de Mayo: D\u00eda de lucha y solidaridad&#8221; &#8212; CHACODIAPORDIA.COM\" data-secret=\"kYdghezUgj\" frameborder=\"0\" marginwidth=\"0\" marginheight=\"0\" scrolling=\"no\" class=\"wp-embedded-content\"><\/iframe><script type=\"text\/javascript\">\n\/* <![CDATA[ *\/\n\/*! This file is auto-generated *\/\n!function(d,l){\"use strict\";l.querySelector&&d.addEventListener&&\"undefined\"!=typeof URL&&(d.wp=d.wp||{},d.wp.receiveEmbedMessage||(d.wp.receiveEmbedMessage=function(e){var t=e.data;if((t||t.secret||t.message||t.value)&&!\/[^a-zA-Z0-9]\/.test(t.secret)){for(var s,r,n,a=l.querySelectorAll('iframe[data-secret=\"'+t.secret+'\"]'),o=l.querySelectorAll('blockquote[data-secret=\"'+t.secret+'\"]'),c=new RegExp(\"^https?:$\",\"i\"),i=0;i<o.length;i++)o[i].style.display=\"none\";for(i=0;i<a.length;i++)s=a[i],e.source===s.contentWindow&&(s.removeAttribute(\"style\"),\"height\"===t.message?(1e3<(r=parseInt(t.value,10))?r=1e3:~~r<200&&(r=200),s.height=r):\"link\"===t.message&&(r=new URL(s.getAttribute(\"src\")),n=new URL(t.value),c.test(n.protocol))&&n.host===r.host&&l.activeElement===s&&(d.top.location.href=t.value))}},d.addEventListener(\"message\",d.wp.receiveEmbedMessage,!1),l.addEventListener(\"DOMContentLoaded\",function(){for(var e,t,s=l.querySelectorAll(\"iframe.wp-embedded-content\"),r=0;r<s.length;r++)(t=(e=s[r]).getAttribute(\"data-secret\"))||(t=Math.random().toString(36).substring(2,12),e.src+=\"#?secret=\"+t,e.setAttribute(\"data-secret\",t)),e.contentWindow.postMessage({message:\"ready\",secret:t},\"*\")},!1)))}(window,document);\n\/\/# sourceURL=https:\/\/chacodiapordia.com\/wp-includes\/js\/wp-embed.min.js\n\/* ]]> *\/\n<\/script>","thumbnail_url":"https:\/\/chacodiapordia.com\/wp-content\/uploads\/2024\/05\/PJ-1deMayo2024.jpeg","thumbnail_width":800,"thumbnail_height":550,"description":"El documento &#8221;En este d\u00eda tan significativo, quiero extender un saludo sincero a todos los trabajadores y trabajadoras que d\u00eda a d\u00eda dan lo mejor de s\u00ed para construir un mundo mejor. En cada paso que dan, en cada tarea que realizan, ustedes son la columna vertebral de nuestra sociedad, la fuerza que impulsa el progreso y la esperanza de un futuro m\u00e1s justo y equitativo. Hoy, al celebrar su labor incansable, no podemos ignorar las dificultades que enfrentan. En un contexto de creciente incertidumbre econ\u00f3mica, social y pol\u00edtica, es m\u00e1s importante que nunca reafirmar nuestro compromiso con la defensa de los derechos laborales y la justicia social. Es vital recordar las palabras del l\u00edder argentino Juan Domingo Per\u00f3n, quien entendi\u00f3 la importancia del trabajo como motor de transformaci\u00f3n y justicia. Pero tambi\u00e9n debemos recordar que la lucha por los derechos de los trabajadores y trabajadoras no se detiene en las fronteras de una provincia o de un pa\u00eds. Por eso, es fundamental rechazar cualquier intento de vulnerar la autonom\u00eda de las provincias y la soberan\u00eda nacional en nombre de intereses particulares. En este d\u00eda, levantamos nuestras voces en solidaridad con todos aquellos que luchan por un salario digno, por condiciones laborales justas y por un futuro m\u00e1s prometedor para todos y todas. Que este d\u00eda del trabajador y la trabajadora sea un recordatorio de nuestra fortaleza colectiva y de nuestro compromiso inquebrantable con la causa de la justicia y la igualdad. \u00a1Feliz d\u00eda, compa\u00f1eros y compa\u00f1eras de lucha!&#8221;. Ra\u00fal BittelSecretario General del Partido Justicialista Distrito Chaco"}

1º de Mayo: Día de lucha y solidaridad - CHACODIAPORDIA.COM

<blockquote class="wp-embedded-content" data-secret="kYdghezUgj"><a href="https://chacodiapordia.com/en/1o-de-mayo-dia-de-lucha-y-solidaridad/">1º de Mayo: Día de lucha y solidaridad</a></blockquote><iframe sandbox="allow-scripts" security="restricted" src="https://chacodiapordia.com/en/1o-de-mayo-dia-de-lucha-y-solidaridad/embed/#?secret=kYdghezUgj" width="600" height="338" title="&#8220;1º de Mayo: Día de lucha y solidaridad&#8221; &#8212; CHACODIAPORDIA.COM" data-secret="kYdghezUgj" frameborder="0" marginwidth="0" marginheight="0" scrolling="no" class="wp-embedded-content"></iframe><script type="text/javascript">
/* <![CDATA[ */
/*! This file is auto-generated */
!function(d,l){"use strict";l.querySelector&&d.addEventListener&&"undefined"!=typeof URL&&(d.wp=d.wp||{},d.wp.receiveEmbedMessage||(d.wp.receiveEmbedMessage=function(e){var t=e.data;if((t||t.secret||t.message||t.value)&&!/[^a-zA-Z0-9]/.test(t.secret)){for(var s,r,n,a=l.querySelectorAll('iframe[data-secret="'+t.secret+'"]'),o=l.querySelectorAll('blockquote[data-secret="'+t.secret+'"]'),c=new RegExp("^https?:$","i"),i=0;i<o.length;i++)o[i].style.display="none";for(i=0;i<a.length;i++)s=a[i],e.source===s.contentWindow&&(s.removeAttribute("style"),"height"===t.message?(1e3<(r=parseInt(t.value,10))?r=1e3:~~r<200&&(r=200),s.height=r):"link"===t.message&&(r=new URL(s.getAttribute("src")),n=new URL(t.value),c.test(n.protocol))&&n.host===r.host&&l.activeElement===s&&(d.top.location.href=t.value))}},d.addEventListener("message",d.wp.receiveEmbedMessage,!1),l.addEventListener("DOMContentLoaded",function(){for(var e,t,s=l.querySelectorAll("iframe.wp-embedded-content"),r=0;r<s.length;r++)(t=(e=s[r]).getAttribute("data-secret"))||(t=Math.random().toString(36).substring(2,12),e.src+="#?secret="+t,e.setAttribute("data-secret",t)),e.contentWindow.postMessage({message:"ready",secret:t},"*")},!1)))}(window,document);
//# sourceURL=https://chacodiapordia.com/wp-includes/js/wp-embed.min.js
/* ]]> */
</script>

El documento &#8221;En este día tan significativo, quiero extender un saludo sincero a todos los trabajadores y trabajadoras que día a día dan lo mejor de sí para construir un mundo mejor. En cada paso que dan, en cada tarea que realizan, ustedes son la columna vertebral de nuestra sociedad, la fuerza que impulsa el progreso y la esperanza de un futuro más justo y equitativo. Hoy, al celebrar su labor incansable, no podemos ignorar las dificultades que enfrentan. En un contexto de creciente incertidumbre económica, social y política, es más importante que nunca reafirmar nuestro compromiso con la defensa de los derechos laborales y la justicia social. Es vital recordar las palabras del líder argentino Juan Domingo Perón, quien entendió la importancia del trabajo como motor de transformación y justicia. Pero también debemos recordar que la lucha por los derechos de los trabajadores y trabajadoras no se detiene en las fronteras de una provincia o de un país. Por eso, es fundamental rechazar cualquier intento de vulnerar la autonomía de las provincias y la soberanía nacional en nombre de intereses particulares. En este día, levantamos nuestras voces en solidaridad con todos aquellos que luchan por un salario digno, por condiciones laborales justas y por un futuro más prometedor para todos y todas. Que este día del trabajador y la trabajadora sea un recordatorio de nuestra fortaleza colectiva y de nuestro compromiso inquebrantable con la causa de la justicia y la igualdad. ¡Feliz día, compañeros y compañeras de lucha!&#8221;. Raúl BittelSecretario General del Partido Justicialista Distrito Chaco
